{"id":11379,"date":"2023-10-30T18:09:04","date_gmt":"2023-10-30T18:09:04","guid":{"rendered":"https:\/\/familyhomesrentals.com\/properties\/atico-buen-vivir\/"},"modified":"2025-02-13T11:47:54","modified_gmt":"2025-02-13T11:47:54","slug":"penthaus-buen-vivir","status":"publish","type":"properties","link":"https:\/\/familyhomesrentals.com\/de\/properties\/penthaus-buen-vivir\/","title":{"rendered":"\u00c1tico Buen Vivir in Marina Real II"},"content":{"rendered":"\n<div class=\"wp-block-group is-layout-constrained wp-block-group-is-layout-constrained\">\n<div class=\"wp-block-group is-layout-constrained wp-block-group-is-layout-constrained\">\n<p>&#8222;Penthouse Buen Vivir in Marina Real II&#8220; Entdecken Sie dieses helle, neu gebaute Penthouse in <a href=\"https:\/\/denia.net\/\" data-type=\"link\" data-id=\"https:\/\/denia.net\/\" target=\"_blank\" rel=\"noopener\">Denia<\/a>, ideal f\u00fcr 4 Personen. Mit zwei Doppelschlafzimmern und zwei B\u00e4dern bietet diese moderne 60m2 gro\u00dfe Wohnung Komfort und Stil.<\/p>\n\n\n\n<p>  Nur wenige Gehminuten vom Stadtzentrum und dem Strand entfernt, ist die Lage perfekt, um die Stadt zu erkunden.<\/p>\n\n\n\n<h2 class=\"wp-block-heading has-medium-font-size\"><strong>Eigenschaften von \u00c1tico buen vivir<\/strong><\/h2>\n\n\n\n<ul class=\"wp-block-list\">\n<li>Zwei Terrassen, darunter eine ger\u00e4umige 70m2 gro\u00dfe Sonnenterrasse mit atemberaubendem Blick auf den <a href=\"https:\/\/familyhomesrentals.com\/parque-natural-el-montgo-en-denia\/\" data-type=\"link\" data-id=\"https:\/\/familyhomesrentals.com\/parque-natural-el-montgo-en-denia\/\">Montg\u00f3<\/a>.<\/li>\n\n\n\n<li>Elegante Dekoration, mit allen modernen Annehmlichkeiten: WIFI, Glasfaserkabel, Klimaanlage, Zentralheizung, Garage und Aufzug.<\/li>\n\n\n\n<li>Die Urbanisation verf\u00fcgt \u00fcber ein Schwimmbad, einen Fitnessraum, einen Sozialclub, einen Kinderspielplatz und einen Fahrradabstellplatz.<\/li>\n<\/ul>\n\n\n\n<h3 class=\"wp-block-heading has-medium-font-size\"><strong>Penthouse gutes Wohnen beinhaltet:<\/strong><\/h3>\n\n\n\n<ul class=\"wp-block-list\">\n<li>Voll ausgestattete, offene K\u00fcche, offen zum hellen Wohnzimmer und mit Zugang zur Terrasse.<\/li>\n\n\n\n<li>Hauptschlafzimmer mit 150 cm Bett, eigenem Bad und Zugang zur Terrasse.<\/li>\n\n\n\n<li>Zweites Schlafzimmer mit zwei 80 cm breiten Betten, einem Rollbett und einem Einbauschrank.<\/li>\n\n\n\n<li>M\u00f6blierte Terrasse zum Genie\u00dfen der frischen Luft, mit gro\u00dfem Sonnenschirm und Blick auf die Berge.<\/li>\n<\/ul>\n\n\n\n<p>Die obere Sonnenterrasse ist mit einem Ruhebereich ausgestattet, ideal zum Entspannen und Genie\u00dfen der Aussicht auf den Naturpark Montg\u00f3.<\/p>\n\n\n\n<h3 class=\"wp-block-heading has-medium-font-size\"><strong>Der Standort von \u00c1tico buen vivir:<\/strong><\/h3>\n\n\n\n<ul class=\"wp-block-list\">\n<li>10-15 Minuten zu Fu\u00df vom historischen Zentrum und 5-10 Minuten vom Strand entfernt.<\/li>\n\n\n\n<li>Gemeinschaftspool mit Liegest\u00fchlen und Kinderbecken.<\/li>\n\n\n\n<li>Leichter Zugang zu Hauptverkehrsstra\u00dfen und \u00f6ffentlichen Verkehrsmitteln, einschlie\u00dflich Stra\u00dfenbahnhaltestellen und N\u00e4he zum Seehafen.<\/li>\n<\/ul>\n\n\n\n<p>Dieses Penthouse ist eine hervorragende Wahl f\u00fcr diejenigen, die Komfort, Stil und eine g\u00fcnstige Lage in Denia suchen.<\/p>\n<\/div>\n<\/div>\n","protected":false},"author":5,"featured_media":17956,"menu_order":0,"template":"","zonas-de-denia":[],"instalaciones":[182,192,201,252,240,180,207,213,225,243,249,246,198],"extras":[279,288,270,297,294,255,337,306,273,309,267,264,285,321,315,261,303,258,329],"payment":[],"alquiler":[44],"property-type":[81],"class_list":["post-11379","properties","type-properties","status-publish","has-post-thumbnail","hentry","instalaciones-einbauschraenke","instalaciones-gefrierschrank","instalaciones-geschirrspueler","instalaciones-intelligenter-fernseher","instalaciones-keramisches-kochfeld","instalaciones-klimatisierung","instalaciones-kuehlschrank","instalaciones-privater-parkplatz","instalaciones-sonnenterrasse","instalaciones-ueberdachte-terrasse","instalaciones-umzaeuntes-grundstueck","instalaciones-unueberdachte-terrasse","instalaciones-waschmaschine","extras-amerikanische-filterkaffeemaschine","extras-amerikanische-filterkaffeemaschine-de","extras-backofen","extras-buegelbrett","extras-buegeleisen","extras-entsafter","extras-extra-bett-en","extras-haartrockner","extras-komplettes-geschirr-und-besteck","extras-liegestuehle","extras-mikrowelle","extras-mixer","extras-nespresso-kleine-kapselkaffeemaschine","extras-outdoor-moebel","extras-strandstuehle","extras-toaster-de","extras-tragbarer-waeschestaender","extras-wasserkocher","extras-wifi-de","alquiler-vacacional","property-type-wohnung"],"_links":{"self":[{"href":"https:\/\/familyhomesrentals.com\/de\/wp-json\/wp\/v2\/properties\/11379","targetHints":{"allow":["GET"]}}],"collection":[{"href":"https:\/\/familyhomesrentals.com\/de\/wp-json\/wp\/v2\/properties"}],"about":[{"href":"https:\/\/familyhomesrentals.com\/de\/wp-json\/wp\/v2\/types\/properties"}],"author":[{"embeddable":true,"href":"https:\/\/familyhomesrentals.com\/de\/wp-json\/wp\/v2\/users\/5"}],"wp:featuredmedia":[{"embeddable":true,"href":"https:\/\/familyhomesrentals.com\/de\/wp-json\/wp\/v2\/media\/17956"}],"wp:attachment":[{"href":"https:\/\/familyhomesrentals.com\/de\/wp-json\/wp\/v2\/media?parent=11379"}],"wp:term":[{"taxonomy":"zonas-de-denia","embeddable":true,"href":"https:\/\/familyhomesrentals.com\/de\/wp-json\/wp\/v2\/zonas-de-denia?post=11379"},{"taxonomy":"instalaciones","embeddable":true,"href":"https:\/\/familyhomesrentals.com\/de\/wp-json\/wp\/v2\/instalaciones?post=11379"},{"taxonomy":"extras","embeddable":true,"href":"https:\/\/familyhomesrentals.com\/de\/wp-json\/wp\/v2\/extras?post=11379"},{"taxonomy":"payment","embeddable":true,"href":"https:\/\/familyhomesrentals.com\/de\/wp-json\/wp\/v2\/payment?post=11379"},{"taxonomy":"alquiler","embeddable":true,"href":"https:\/\/familyhomesrentals.com\/de\/wp-json\/wp\/v2\/alquiler?post=11379"},{"taxonomy":"property-type","embeddable":true,"href":"https:\/\/familyhomesrentals.com\/de\/wp-json\/wp\/v2\/property-type?post=11379"}],"curies":[{"name":"wp","href":"https:\/\/api.w.org\/{rel}","templated":true}]}}

Ático Buen Vivir in Marina Real II

<div class="wp-block-group is-layout-constrained wp-block-group-is-layout-constrained">
<div class="wp-block-group is-layout-constrained wp-block-group-is-layout-constrained">
<p>&#8222;Penthouse Buen Vivir in Marina Real II&#8220; Entdecken Sie dieses helle, neu gebaute Penthouse in <a href="https://denia.net/" data-type="link" data-id="https://denia.net/" target="_blank" rel="noopener">Denia</a>, ideal für 4 Personen. Mit zwei Doppelschlafzimmern und zwei Bädern bietet diese moderne 60m2 große Wohnung Komfort und Stil.</p>



<p>  Nur wenige Gehminuten vom Stadtzentrum und dem Strand entfernt, ist die Lage perfekt, um die Stadt zu erkunden.</p>



<h2 class="wp-block-heading has-medium-font-size"><strong>Eigenschaften von Ático buen vivir</strong></h2>



<ul class="wp-block-list">
<li>Zwei Terrassen, darunter eine geräumige 70m2 große Sonnenterrasse mit atemberaubendem Blick auf den <a href="https://familyhomesrentals.com/parque-natural-el-montgo-en-denia/" data-type="link" data-id="https://familyhomesrentals.com/parque-natural-el-montgo-en-denia/">Montgó</a>.</li>



<li>Elegante Dekoration, mit allen modernen Annehmlichkeiten: WIFI, Glasfaserkabel, Klimaanlage, Zentralheizung, Garage und Aufzug.</li>



<li>Die Urbanisation verfügt über ein Schwimmbad, einen Fitnessraum, einen Sozialclub, einen Kinderspielplatz und einen Fahrradabstellplatz.</li>
</ul>



<h3 class="wp-block-heading has-medium-font-size"><strong>Penthouse gutes Wohnen beinhaltet:</strong></h3>



<ul class="wp-block-list">
<li>Voll ausgestattete, offene Küche, offen zum hellen Wohnzimmer und mit Zugang zur Terrasse.</li>



<li>Hauptschlafzimmer mit 150 cm Bett, eigenem Bad und Zugang zur Terrasse.</li>



<li>Zweites Schlafzimmer mit zwei 80 cm breiten Betten, einem Rollbett und einem Einbauschrank.</li>



<li>Möblierte Terrasse zum Genießen der frischen Luft, mit großem Sonnenschirm und Blick auf die Berge.</li>
</ul>



<p>Die obere Sonnenterrasse ist mit einem Ruhebereich ausgestattet, ideal zum Entspannen und Genießen der Aussicht auf den Naturpark Montgó.</p>



<h3 class="wp-block-heading has-medium-font-size"><strong>Der Standort von Ático buen vivir:</strong></h3>



<ul class="wp-block-list">
<li>10-15 Minuten zu Fuß vom historischen Zentrum und 5-10 Minuten vom Strand entfernt.</li>



<li>Gemeinschaftspool mit Liegestühlen und Kinderbecken.</li>



<li>Leichter Zugang zu Hauptverkehrsstraßen und öffentlichen Verkehrsmitteln, einschließlich Straßenbahnhaltestellen und Nähe zum Seehafen.</li>
</ul>



<p>Dieses Penthouse ist eine hervorragende Wahl für diejenigen, die Komfort, Stil und eine günstige Lage in Denia suchen.</p>
</div>
</div>
