{"id":11392,"date":"2023-10-30T17:47:55","date_gmt":"2023-10-30T17:47:55","guid":{"rendered":"https:\/\/familyhomesrentals.com\/properties\/atico-bassetes\/"},"modified":"2026-08-18T09:54:04","modified_gmt":"2026-08-18T09:54:04","slug":"penthaus-bassetes","status":"publish","type":"properties","link":"https:\/\/familyhomesrentals.com\/de\/properties\/penthaus-bassetes\/","title":{"rendered":"Penthouse Bassetes \u2013 Penthouse in Denia mit gro\u00dfer privater Terrasse und Swimmingpool"},"content":{"rendered":"\n<div class=\"wp-block-group is-layout-constrained wp-block-group-is-layout-constrained\">\n<h2 class=\"wp-block-heading has-medium-font-size\">Erleben Sie den Charme des <strong>Penthouse \u201eBassetes\u201c<\/strong> in D\u00e9nia mit spektakul\u00e4rem Ausblick<\/h2>\n\n\n\n<div class=\"wp-block-group is-layout-constrained wp-block-group-is-layout-constrained\">\n<p class=\"wp-block-paragraph\">Das <strong>Penthouse \u201eBassetes\u201c<\/strong> in D\u00e9nia ist die perfekte Unterkunft f\u00fcr alle, die einen erholsamen Urlaub an der <strong>Costa Blanca<\/strong> genie\u00dfen m\u00f6chten. Nur <strong>150 Meter vom Sandstrand<\/strong> entfernt verbindet dieses Penthouse eine privilegierte Lage mit einem atemberaubenden Blick auf den <strong><a href=\"https:\/\/familyhomesrentals.com\/parque-natural-el-montgo-en-denia\/\" data-type=\"link\" data-id=\"https:\/\/familyhomesrentals.com\/parque-natural-el-montgo-en-denia\/\">Montg\u00f3<\/a><\/strong> und zur <strong><a href=\"https:\/\/familyhomesrentals.com\/castillo-de-denia\/\" data-type=\"link\" data-id=\"https:\/\/familyhomesrentals.com\/castillo-de-denia\/\">Burg von D\u00e9nia<\/a><\/strong>und bietet Ihnen die ideale Atmosph\u00e4re, um abzuschalten und zu genie\u00dfen. <\/p>\n\n\n\n<h3 class=\"wp-block-heading has-medium-font-size\"><strong>Gem\u00fctliche und funktionale R\u00e4ume<\/strong><\/h3>\n\n\n\n<p class=\"wp-block-paragraph\">Dieses moderne Attika-Apartment ist ganz auf Ihren Komfort ausgelegt und verf\u00fcgt \u00fcber:<\/p>\n\n\n\n<ul class=\"wp-block-list\">\n<li><strong>2 Doppelzimmer<\/strong>:\n<ul class=\"wp-block-list\">\n<li>Ein Zimmer mit einem Doppelbett (150 cm).<\/li>\n\n\n\n<li>Ein weiteres mit Etagenbett (90 cm).<\/li>\n<\/ul>\n<\/li>\n\n\n\n<li><strong>2 voll ausgestattete Badezimmer<\/strong>: eines mit Dusche und das andere mit Badewanne \u2013 f\u00fcr noch mehr Komfort.<\/li>\n\n\n\n<li><strong>Eine ger\u00e4umige und helle K\u00fcche<\/strong>, die mit dem Wohn- und Esszimmer zu einem offenen und gem\u00fctlichen Raum verbunden ist.<\/li>\n<\/ul>\n\n\n\n<h3 class=\"wp-block-heading has-medium-font-size\">Terrassen mit Panoramablick<\/h3>\n\n\n\n<p class=\"wp-block-paragraph\">Das <strong>\u201e\u00c1tico Bassetes\u201c<\/strong> besticht durch seine zwei gro\u00dfz\u00fcgigen, komplett ausgestatteten Terrassen, auf denen Sie:<\/p>\n\n\n\n<ul class=\"wp-block-list\">\n<li>Genie\u00dfen Sie die atemberaubende Aussicht auf <strong>den Montg\u00f3<\/strong> und die <strong>Burg von D\u00e9nia<\/strong>.<\/li>\n\n\n\n<li>Entspannen Sie sich an der frischen Luft, genie\u00dfen Sie die Sonne oder erleben Sie unvergessliche Momente mit Ihren Liebsten.<\/li>\n<\/ul>\n\n\n\n<h3 class=\"wp-block-heading has-medium-font-size\"><strong>Exklusive Annehmlichkeiten und Aktivit\u00e4ten im Freien<\/strong><\/h3>\n\n\n\n<div class=\"wp-block-group is-layout-constrained wp-block-group-is-layout-constrained\">\n<p class=\"wp-block-paragraph\">Das in einer ruhigen Wohnsiedlung gelegene Dachgeschoss bietet Ihnen:<\/p>\n\n\n\n<ul class=\"wp-block-list\">\n<li><strong>Gemeinschaftspools<\/strong>, darunter ein Kinderbecken, die sich ideal zum Abk\u00fchlen eignen.<\/li>\n\n\n\n<li><strong>G\u00e4rten mit schattigen Bereichen<\/strong>, ideal zum Entspannen.<\/li>\n\n\n\n<li><strong>Tennispl\u00e4tze<\/strong> f\u00fcr Sportbegeisterte.<\/li>\n<\/ul>\n\n\n\n<h4 class=\"wp-block-heading\">Buchen Sie Ihren Aufenthalt im <strong>\u00c1tico Bassetes in D\u00e9nia<\/strong><\/h4>\n\n\n\n<div class=\"wp-block-group is-layout-constrained wp-block-group-is-layout-constrained\">\n<p class=\"wp-block-paragraph\">Mit seiner hervorragenden Lage in Strandn\u00e4he, seinen exklusiven Annehmlichkeiten und seiner spektakul\u00e4ren Aussicht ist das <strong>Penthouse \u201eBassetes\u201c in<a href=\"https:\/\/denia.net\/\" data-type=\"link\" data-id=\"https:\/\/denia.net\/\" target=\"_blank\" rel=\"noopener\"> D\u00e9nia<\/a><\/strong> die ideale Wahl f\u00fcr einen unvergesslichen Urlaub mit der Familie oder mit Freunden.<\/p>\n\n\n\n<p class=\"wp-block-paragraph\">Buchen Sie jetzt und freuen Sie sich darauf, die Sch\u00f6nheit und den Charme von D\u00e9nia von diesem herrlichen Penthouse aus zu genie\u00dfen!<\/p>\n\n\n\n<p class=\"wp-block-paragraph\"><strong>FEIERN SOWIE GRUPPEN MIT TEILNEHMERN UNTER 30 JAHREN SIND NICHT GESTATTET.<\/strong><\/p>\n\n\n\n<p class=\"wp-block-paragraph\"><strong>Kataster-Referenznummer:<\/strong> 7744002BD4074S0006SW  <\/p>\n\n\n\n<p class=\"wp-block-paragraph\"><strong>Energieeffizienzzertifikat: Energieeffizienzklasse <\/strong>F\/E<\/p>\n\n\n\n<p class=\"wp-block-paragraph\"><strong>3D-Video: <\/strong> <a href=\"https:\/\/my.matterport.com\/show\/?m=27vY5HzB7Wg\" target=\"_blank\" rel=\"noreferrer noopener\">https:\/\/my.matterport.com\/show\/?m=27vY5HzB7Wg<\/a><\/p>\n<\/div>\n<\/div>\n<\/div>\n<\/div>\n","protected":false},"author":5,"featured_media":17966,"menu_order":0,"template":"","zonas-de-denia":[523,520],"instalaciones":[182,231,192,201,240,180,207,213,246,198],"extras":[270,297,294,255,326,306,276,273,309,267,321,261,329],"payment":[],"alquiler":[44],"property-type":[81],"class_list":["post-11392","properties","type-properties","status-publish","has-post-thumbnail","hentry","zonas-de-denia-las-marinas","zonas-de-denia-semana-santa","instalaciones-einbauschraenke","instalaciones-flachbildfernseher","instalaciones-gefrierschrank","instalaciones-geschirrspueler","instalaciones-keramisches-kochfeld","instalaciones-klimatisierung","instalaciones-kuehlschrank","instalaciones-privater-parkplatz","instalaciones-unueberdachte-terrasse","instalaciones-waschmaschine","extras-backofen","extras-buegelbrett","extras-buegeleisen","extras-entsafter","extras-gemeinsames-schwimmbad","extras-haartrockner","extras-kaffeemaschine","extras-komplettes-geschirr-und-besteck","extras-liegestuehle","extras-mikrowelle","extras-outdoor-moebel","extras-toaster-de","extras-wifi-de","alquiler-vacacional","property-type-wohnung"],"_links":{"self":[{"href":"https:\/\/familyhomesrentals.com\/de\/wp-json\/wp\/v2\/properties\/11392","targetHints":{"allow":["GET"]}}],"collection":[{"href":"https:\/\/familyhomesrentals.com\/de\/wp-json\/wp\/v2\/properties"}],"about":[{"href":"https:\/\/familyhomesrentals.com\/de\/wp-json\/wp\/v2\/types\/properties"}],"author":[{"embeddable":true,"href":"https:\/\/familyhomesrentals.com\/de\/wp-json\/wp\/v2\/users\/5"}],"wp:featuredmedia":[{"embeddable":true,"href":"https:\/\/familyhomesrentals.com\/de\/wp-json\/wp\/v2\/media\/17966"}],"wp:attachment":[{"href":"https:\/\/familyhomesrentals.com\/de\/wp-json\/wp\/v2\/media?parent=11392"}],"wp:term":[{"taxonomy":"zonas-de-denia","embeddable":true,"href":"https:\/\/familyhomesrentals.com\/de\/wp-json\/wp\/v2\/zonas-de-denia?post=11392"},{"taxonomy":"instalaciones","embeddable":true,"href":"https:\/\/familyhomesrentals.com\/de\/wp-json\/wp\/v2\/instalaciones?post=11392"},{"taxonomy":"extras","embeddable":true,"href":"https:\/\/familyhomesrentals.com\/de\/wp-json\/wp\/v2\/extras?post=11392"},{"taxonomy":"payment","embeddable":true,"href":"https:\/\/familyhomesrentals.com\/de\/wp-json\/wp\/v2\/payment?post=11392"},{"taxonomy":"alquiler","embeddable":true,"href":"https:\/\/familyhomesrentals.com\/de\/wp-json\/wp\/v2\/alquiler?post=11392"},{"taxonomy":"property-type","embeddable":true,"href":"https:\/\/familyhomesrentals.com\/de\/wp-json\/wp\/v2\/property-type?post=11392"}],"curies":[{"name":"wp","href":"https:\/\/api.w.org\/{rel}","templated":true}]}}

Penthouse Bassetes – Penthouse in Denia mit großer privater Terrasse und Swimmingpool

<div class="wp-block-group is-layout-constrained wp-block-group-is-layout-constrained">
<h2 class="wp-block-heading has-medium-font-size">Erleben Sie den Charme des <strong>Penthouse „Bassetes“</strong> in Dénia mit spektakulärem Ausblick</h2>



<div class="wp-block-group is-layout-constrained wp-block-group-is-layout-constrained">
<p class="wp-block-paragraph">Das <strong>Penthouse „Bassetes“</strong> in Dénia ist die perfekte Unterkunft für alle, die einen erholsamen Urlaub an der <strong>Costa Blanca</strong> genießen möchten. Nur <strong>150 Meter vom Sandstrand</strong> entfernt verbindet dieses Penthouse eine privilegierte Lage mit einem atemberaubenden Blick auf den <strong><a href="https://familyhomesrentals.com/parque-natural-el-montgo-en-denia/" data-type="link" data-id="https://familyhomesrentals.com/parque-natural-el-montgo-en-denia/">Montgó</a></strong> und zur <strong><a href="https://familyhomesrentals.com/castillo-de-denia/" data-type="link" data-id="https://familyhomesrentals.com/castillo-de-denia/">Burg von Dénia</a></strong>und bietet Ihnen die ideale Atmosphäre, um abzuschalten und zu genießen. </p>



<h3 class="wp-block-heading has-medium-font-size"><strong>Gemütliche und funktionale Räume</strong></h3>



<p class="wp-block-paragraph">Dieses moderne Attika-Apartment ist ganz auf Ihren Komfort ausgelegt und verfügt über:</p>



<ul class="wp-block-list">
<li><strong>2 Doppelzimmer</strong>:
<ul class="wp-block-list">
<li>Ein Zimmer mit einem Doppelbett (150 cm).</li>



<li>Ein weiteres mit Etagenbett (90 cm).</li>
</ul>
</li>



<li><strong>2 voll ausgestattete Badezimmer</strong>: eines mit Dusche und das andere mit Badewanne – für noch mehr Komfort.</li>



<li><strong>Eine geräumige und helle Küche</strong>, die mit dem Wohn- und Esszimmer zu einem offenen und gemütlichen Raum verbunden ist.</li>
</ul>



<h3 class="wp-block-heading has-medium-font-size">Terrassen mit Panoramablick</h3>



<p class="wp-block-paragraph">Das <strong>„Ático Bassetes“</strong> besticht durch seine zwei großzügigen, komplett ausgestatteten Terrassen, auf denen Sie:</p>



<ul class="wp-block-list">
<li>Genießen Sie die atemberaubende Aussicht auf <strong>den Montgó</strong> und die <strong>Burg von Dénia</strong>.</li>



<li>Entspannen Sie sich an der frischen Luft, genießen Sie die Sonne oder erleben Sie unvergessliche Momente mit Ihren Liebsten.</li>
</ul>



<h3 class="wp-block-heading has-medium-font-size"><strong>Exklusive Annehmlichkeiten und Aktivitäten im Freien</strong></h3>



<div class="wp-block-group is-layout-constrained wp-block-group-is-layout-constrained">
<p class="wp-block-paragraph">Das in einer ruhigen Wohnsiedlung gelegene Dachgeschoss bietet Ihnen:</p>



<ul class="wp-block-list">
<li><strong>Gemeinschaftspools</strong>, darunter ein Kinderbecken, die sich ideal zum Abkühlen eignen.</li>



<li><strong>Gärten mit schattigen Bereichen</strong>, ideal zum Entspannen.</li>



<li><strong>Tennisplätze</strong> für Sportbegeisterte.</li>
</ul>



<h4 class="wp-block-heading">Buchen Sie Ihren Aufenthalt im <strong>Ático Bassetes in Dénia</strong></h4>



<div class="wp-block-group is-layout-constrained wp-block-group-is-layout-constrained">
<p class="wp-block-paragraph">Mit seiner hervorragenden Lage in Strandnähe, seinen exklusiven Annehmlichkeiten und seiner spektakulären Aussicht ist das <strong>Penthouse „Bassetes“ in<a href="https://denia.net/" data-type="link" data-id="https://denia.net/" target="_blank" rel="noopener"> Dénia</a></strong> die ideale Wahl für einen unvergesslichen Urlaub mit der Familie oder mit Freunden.</p>



<p class="wp-block-paragraph">Buchen Sie jetzt und freuen Sie sich darauf, die Schönheit und den Charme von Dénia von diesem herrlichen Penthouse aus zu genießen!</p>



<p class="wp-block-paragraph"><strong>FEIERN SOWIE GRUPPEN MIT TEILNEHMERN UNTER 30 JAHREN SIND NICHT GESTATTET.</strong></p>



<p class="wp-block-paragraph"><strong>Kataster-Referenznummer:</strong> 7744002BD4074S0006SW  </p>



<p class="wp-block-paragraph"><strong>Energieeffizienzzertifikat: Energieeffizienzklasse </strong>F/E</p>



<p class="wp-block-paragraph"><strong>3D-Video: </strong> <a href="https://my.matterport.com/show/?m=27vY5HzB7Wg" target="_blank" rel="noreferrer noopener">https://my.matterport.com/show/?m=27vY5HzB7Wg</a></p>
</div>
</div>
</div>
</div>
