{"id":11295,"date":"2023-11-13T17:11:27","date_gmt":"2023-11-13T17:11:27","guid":{"rendered":"https:\/\/familyhomesrentals.com\/properties\/ca-la-iaia\/"},"modified":"2025-03-17T17:03:05","modified_gmt":"2025-03-17T17:03:05","slug":"appartement-ca-la-iaia","status":"publish","type":"properties","link":"https:\/\/familyhomesrentals.com\/fr\/properties\/appartement-ca-la-iaia\/","title":{"rendered":"Appartement Ca La iaia"},"content":{"rendered":"\n<div class=\"wp-block-group is-layout-constrained wp-block-group-is-layout-constrained\">\n<h2 class=\"wp-block-heading has-medium-font-size\"><strong>Appartement Ca La Iaia \u2013 \u00c9l\u00e9gance et Confort au C\u0153ur de D\u00e9nia<\/strong><\/h2>\n\n\n\n<p>D\u00e9couvrez <strong>l&rsquo;Appartement Ca La Iaia<\/strong>, un <strong>v\u00e9ritable joyau en plein centre de <a href=\"https:\/\/familyhomesrentals.com\/fr\/12-lieux-a-voir-a-denia\/\" data-type=\"link\" data-id=\"https:\/\/familyhomesrentals.com\/fr\/12-lieux-a-voir-a-denia\/\">D\u00e9nia<\/a><\/strong>, situ\u00e9 \u00e0 seulement <strong>100 m\u00e8tres de la rue Marqu\u00e9s de Campos<\/strong>, l\u2019art\u00e8re principale de la ville. \u00c0 <strong>quelques pas du port et de la plage de Las Marinas<\/strong>, cet appartement vous offre un <strong>cadre de vie unique<\/strong>, alliant <strong>confort, modernit\u00e9 et emplacement privil\u00e9gi\u00e9<\/strong>.<\/p>\n\n\n\n<h3 class=\"wp-block-heading has-medium-font-size\"><strong>Un Int\u00e9rieur Spacieux et Raffin\u00e9<\/strong><\/h3>\n\n\n\n<ul class=\"wp-block-list\">\n<li><strong>Salon spacieux<\/strong> avec <strong>canap\u00e9 confortable et t\u00e9l\u00e9vision intelligente<\/strong>, parfait pour se d\u00e9tendre en famille.<\/li>\n\n\n\n<li><strong>Cuisine am\u00e9ricaine ouverte et lumineuse<\/strong>, enti\u00e8rement \u00e9quip\u00e9e, avec <strong>plaque de cuisson au gaz<\/strong>.<\/li>\n\n\n\n<li><strong>\u00celot central avec bar et tabourets<\/strong>, id\u00e9al pour des repas conviviaux.<\/li>\n\n\n\n<li><strong>Deux chambres doubles<\/strong> soigneusement d\u00e9cor\u00e9es :\n<ul class=\"wp-block-list\">\n<li><strong>Une chambre avec salle de bain privative et douche<\/strong>.<\/li>\n\n\n\n<li><strong>Une deuxi\u00e8me salle de bain avec douche<\/strong> pour plus de confort.<\/li>\n<\/ul>\n<\/li>\n\n\n\n<li><strong>Espace suppl\u00e9mentaire \u00e0 l\u2019\u00e9tage<\/strong>, parfait pour les enfants, avec <strong>bureau, deux lits simples et canap\u00e9<\/strong>.<\/li>\n<\/ul>\n\n\n\n<h3 class=\"wp-block-heading has-medium-font-size\"><strong>Confort et D\u00e9tente Toute l\u2019Ann\u00e9e<\/strong><\/h3>\n\n\n\n<ul class=\"wp-block-list\">\n<li><strong>Climatisation et chauffage<\/strong>, adapt\u00e9s \u00e0 toutes les saisons.<\/li>\n\n\n\n<li><strong>\u00c9pais murs en pierre<\/strong>, offrant une isolation naturelle.<\/li>\n\n\n\n<li><strong>Ventilateur de plafond silencieux<\/strong> dans le salon-salle \u00e0 manger pour un confort optimal.<\/li>\n<\/ul>\n\n\n\n<h3 class=\"wp-block-heading has-medium-font-size\"><strong>Une Terrasse Int\u00e9rieure Unique<\/strong><\/h3>\n\n\n\n<ul class=\"wp-block-list\">\n<li><strong>D\u00e9coration soign\u00e9e et ambiance chaleureuse<\/strong>.<\/li>\n\n\n\n<li><strong>Parfaite pour profiter des douces soir\u00e9es d\u2019\u00e9t\u00e9 ou des journ\u00e9es ensoleill\u00e9es d\u2019hiver<\/strong>.<\/li>\n<\/ul>\n\n\n\n<h3 class=\"wp-block-heading has-medium-font-size\"><strong>Un Emplacement de R\u00eave<\/strong><\/h3>\n\n\n\n<ul class=\"wp-block-list\">\n<li><strong>\u00c0 100 m\u00e8tres de la rue Marqu\u00e9s de Campos<\/strong>, au c\u0153ur de l\u2019animation de D\u00e9nia.<\/li>\n\n\n\n<li><strong>\u00c0 proximit\u00e9 imm\u00e9diate du port et de la plage de Las Marinas<\/strong>.<\/li>\n\n\n\n<li><strong>Acc\u00e8s facile aux commerces, restaurants et services essentiels<\/strong>.<\/li>\n<\/ul>\n\n\n\n<h3 class=\"wp-block-heading has-medium-font-size\"><strong>R\u00e9servez d\u00e8s maintenant votre s\u00e9jour \u00e0 l\u2019Appartement Ca La Iaia !<\/strong><\/h3>\n\n\n\n<p>Avec son <strong>charme authentique, son confort moderne et son emplacement exceptionnel<\/strong>, cet appartement est le choix id\u00e9al pour <strong>une exp\u00e9rience inoubliable \u00e0<a href=\"https:\/\/denia.net\/fr\" data-type=\"link\" data-id=\"https:\/\/denia.net\/fr\" target=\"_blank\" rel=\"noopener\"> D\u00e9nia<\/a><\/strong>.<\/p>\n<\/div>\n","protected":false},"author":5,"featured_media":17760,"menu_order":0,"template":"","zonas-de-denia":[],"instalaciones":[181,179,191,197,239,206,251,245,236],"extras":[257,293,269,370,260,320,266,263,284,296,254,305,272,328],"payment":[],"alquiler":[44],"property-type":[82],"class_list":["post-11295","properties","type-properties","status-publish","has-post-thumbnail","hentry","instalaciones-armoires-encastrees","instalaciones-climatisation","instalaciones-congelateur","instalaciones-lave-linge","instalaciones-plaque-de-cuisson-en-ceramique","instalaciones-refrigerateur","instalaciones-television-intelligente","instalaciones-terrasse-non-couverte","instalaciones-ventilateurs-de-plafond","extras-bouilloire","extras-fer-a-repasser","extras-four","extras-grifo-de-osmosis","extras-grille-pain","extras-meubles-dexterieur","extras-micro-ondes","extras-mixeur","extras-petite-machine-a-cafe-a-capsules-nespresso","extras-planche-a-repasser","extras-presse-agrumes","extras-seche-cheveux","extras-vaisselle-et-couverts-complets","extras-wifi-fr","alquiler-vacacional","property-type-appartement"],"_links":{"self":[{"href":"https:\/\/familyhomesrentals.com\/fr\/wp-json\/wp\/v2\/properties\/11295","targetHints":{"allow":["GET"]}}],"collection":[{"href":"https:\/\/familyhomesrentals.com\/fr\/wp-json\/wp\/v2\/properties"}],"about":[{"href":"https:\/\/familyhomesrentals.com\/fr\/wp-json\/wp\/v2\/types\/properties"}],"author":[{"embeddable":true,"href":"https:\/\/familyhomesrentals.com\/fr\/wp-json\/wp\/v2\/users\/5"}],"wp:featuredmedia":[{"embeddable":true,"href":"https:\/\/familyhomesrentals.com\/fr\/wp-json\/wp\/v2\/media\/17760"}],"wp:attachment":[{"href":"https:\/\/familyhomesrentals.com\/fr\/wp-json\/wp\/v2\/media?parent=11295"}],"wp:term":[{"taxonomy":"zonas-de-denia","embeddable":true,"href":"https:\/\/familyhomesrentals.com\/fr\/wp-json\/wp\/v2\/zonas-de-denia?post=11295"},{"taxonomy":"instalaciones","embeddable":true,"href":"https:\/\/familyhomesrentals.com\/fr\/wp-json\/wp\/v2\/instalaciones?post=11295"},{"taxonomy":"extras","embeddable":true,"href":"https:\/\/familyhomesrentals.com\/fr\/wp-json\/wp\/v2\/extras?post=11295"},{"taxonomy":"payment","embeddable":true,"href":"https:\/\/familyhomesrentals.com\/fr\/wp-json\/wp\/v2\/payment?post=11295"},{"taxonomy":"alquiler","embeddable":true,"href":"https:\/\/familyhomesrentals.com\/fr\/wp-json\/wp\/v2\/alquiler?post=11295"},{"taxonomy":"property-type","embeddable":true,"href":"https:\/\/familyhomesrentals.com\/fr\/wp-json\/wp\/v2\/property-type?post=11295"}],"curies":[{"name":"wp","href":"https:\/\/api.w.org\/{rel}","templated":true}]}}

<div class="wp-block-group is-layout-constrained wp-block-group-is-layout-constrained">
<h2 class="wp-block-heading has-medium-font-size"><strong>Appartement Ca La Iaia – Élégance et Confort au Cœur de Dénia</strong></h2>



<p>Découvrez <strong>l&rsquo;Appartement Ca La Iaia</strong>, un <strong>véritable joyau en plein centre de <a href="https://familyhomesrentals.com/fr/12-lieux-a-voir-a-denia/" data-type="link" data-id="https://familyhomesrentals.com/fr/12-lieux-a-voir-a-denia/">Dénia</a></strong>, situé à seulement <strong>100 mètres de la rue Marqués de Campos</strong>, l’artère principale de la ville. À <strong>quelques pas du port et de la plage de Las Marinas</strong>, cet appartement vous offre un <strong>cadre de vie unique</strong>, alliant <strong>confort, modernité et emplacement privilégié</strong>.</p>



<h3 class="wp-block-heading has-medium-font-size"><strong>Un Intérieur Spacieux et Raffiné</strong></h3>



<ul class="wp-block-list">
<li><strong>Salon spacieux</strong> avec <strong>canapé confortable et télévision intelligente</strong>, parfait pour se détendre en famille.</li>



<li><strong>Cuisine américaine ouverte et lumineuse</strong>, entièrement équipée, avec <strong>plaque de cuisson au gaz</strong>.</li>



<li><strong>Îlot central avec bar et tabourets</strong>, idéal pour des repas conviviaux.</li>



<li><strong>Deux chambres doubles</strong> soigneusement décorées :
<ul class="wp-block-list">
<li><strong>Une chambre avec salle de bain privative et douche</strong>.</li>



<li><strong>Une deuxième salle de bain avec douche</strong> pour plus de confort.</li>
</ul>
</li>



<li><strong>Espace supplémentaire à l’étage</strong>, parfait pour les enfants, avec <strong>bureau, deux lits simples et canapé</strong>.</li>
</ul>



<h3 class="wp-block-heading has-medium-font-size"><strong>Confort et Détente Toute l’Année</strong></h3>



<ul class="wp-block-list">
<li><strong>Climatisation et chauffage</strong>, adaptés à toutes les saisons.</li>



<li><strong>Épais murs en pierre</strong>, offrant une isolation naturelle.</li>



<li><strong>Ventilateur de plafond silencieux</strong> dans le salon-salle à manger pour un confort optimal.</li>
</ul>



<h3 class="wp-block-heading has-medium-font-size"><strong>Une Terrasse Intérieure Unique</strong></h3>



<ul class="wp-block-list">
<li><strong>Décoration soignée et ambiance chaleureuse</strong>.</li>



<li><strong>Parfaite pour profiter des douces soirées d’été ou des journées ensoleillées d’hiver</strong>.</li>
</ul>



<h3 class="wp-block-heading has-medium-font-size"><strong>Un Emplacement de Rêve</strong></h3>



<ul class="wp-block-list">
<li><strong>À 100 mètres de la rue Marqués de Campos</strong>, au cœur de l’animation de Dénia.</li>



<li><strong>À proximité immédiate du port et de la plage de Las Marinas</strong>.</li>



<li><strong>Accès facile aux commerces, restaurants et services essentiels</strong>.</li>
</ul>



<h3 class="wp-block-heading has-medium-font-size"><strong>Réservez dès maintenant votre séjour à l’Appartement Ca La Iaia !</strong></h3>



<p>Avec son <strong>charme authentique, son confort moderne et son emplacement exceptionnel</strong>, cet appartement est le choix idéal pour <strong>une expérience inoubliable à<a href="https://denia.net/fr" data-type="link" data-id="https://denia.net/fr" target="_blank" rel="noopener"> Dénia</a></strong>.</p>
</div>
