{"id":11363,"date":"2023-10-25T16:22:08","date_gmt":"2023-10-25T16:22:08","guid":{"rendered":"https:\/\/familyhomesrentals.com\/properties\/villa-maria\/"},"modified":"2026-08-20T10:55:10","modified_gmt":"2026-08-20T10:55:10","slug":"villa-maria-maison","status":"publish","type":"properties","link":"https:\/\/familyhomesrentals.com\/fr\/properties\/villa-maria-maison\/","title":{"rendered":"Villa Mar\u00eda \u00e0 D\u00e9nia, piscine priv\u00e9e, terrasse et barbecue"},"content":{"rendered":"\n<div class=\"wp-block-group is-layout-constrained wp-block-group-is-layout-constrained\">\n<div class=\"wp-block-group is-layout-constrained wp-block-group-is-layout-constrained\">\n<h2 class=\"wp-block-heading has-medium-font-size\"><strong>Rel\u00e1jate y Disfruta en la Villa Mar\u00eda en D\u00e9nia \u2013 Montg\u00f3<\/strong><\/h2>\n\n\n\n<div class=\"wp-block-group is-layout-constrained wp-block-group-is-layout-constrained\">\n<div class=\"wp-block-group is-layout-constrained wp-block-group-is-layout-constrained\">\n<p class=\"wp-block-paragraph\">La <strong>Villa Mar\u00eda<\/strong> \u00e0 D\u00e9nia est la destination id\u00e9ale pour des vacances inoubliables. Situ\u00e9e dans la magnifique r\u00e9gion du <strong>Montg\u00f3<\/strong>, orient\u00e9e nord-est, cette charmante villa vous offre <strong>des levers de soleil magiques<\/strong> et des vues panoramiques exceptionnelles.   <\/p>\n\n\n\n<p class=\"wp-block-paragraph\">Con\u00e7ue sur un seul niveau, avec des espaces spacieux et confortables, elle est id\u00e9ale aussi bien pour les familles que pour les groupes d&rsquo;amis qui souhaitent se d\u00e9tendre dans un cadre calme et intime.<\/p>\n\n\n\n<p class=\"wp-block-paragraph\"><strong>LES F\u00caTES ET LES GROUPES DE PERSONNES \u00c2G\u00c9ES DE MOINS DE 30 ANS NE SONT PAS ADMIS.<\/strong><\/p>\n\n\n\n<h3 class=\"wp-block-heading has-medium-font-size\"><strong>Des espaces confortables et bien \u00e9quip\u00e9s<\/strong><\/h3>\n\n\n\n<p class=\"wp-block-paragraph\">La <strong>Villa Mar\u00eda<\/strong> vous offre tout ce dont vous avez besoin pour un s\u00e9jour parfait :<\/p>\n\n\n\n<ul class=\"wp-block-list\">\n<li><strong>Salon-salle \u00e0 manger lumineux<\/strong>: \u00e9quip\u00e9 d&rsquo;une Smart TV, du Wi-Fi gratuit, de la climatisation et d&rsquo;un canap\u00e9 confortable.<\/li>\n\n\n\n<li><strong>Cuisine am\u00e9ricaine enti\u00e8rement \u00e9quip\u00e9e<\/strong>: avec lave-vaisselle, four, plaque vitroc\u00e9ramique et appareils \u00e9lectrom\u00e9nagers de qualit\u00e9.<\/li>\n\n\n\n<li><strong>3 chambres doubles<\/strong>:\n<ul class=\"wp-block-list\">\n<li>Deux chambres avec des lits de 160 cm.<\/li>\n\n\n\n<li>Une chambre avec deux lits simples de 90 cm.<\/li>\n\n\n\n<li>Toutes sont \u00e9quip\u00e9es de la climatisation et de placards encastr\u00e9s.<\/li>\n<\/ul>\n<\/li>\n\n\n\n<li><strong>Studio ind\u00e9pendant<\/strong> au rez-de-chauss\u00e9e : \u00e9quip\u00e9 d&rsquo;un lit de 160 cm, d&rsquo;une Smart TV, de la climatisation, d&rsquo;une salle de bains privative et d&rsquo;un r\u00e9frig\u00e9rateur, id\u00e9al pour plus d&rsquo;intimit\u00e9 et de confort.<\/li>\n<\/ul>\n\n\n\n<h3 class=\"wp-block-heading has-medium-font-size\"><strong>Un espace ext\u00e9rieur pour vous d\u00e9tendre et profiter pleinement<\/strong><\/h3>\n\n\n\n<p class=\"wp-block-paragraph\">L&rsquo;ext\u00e9rieur de la villa est un v\u00e9ritable havre de paix con\u00e7u pour votre d\u00e9tente et vos loisirs :<\/p>\n\n\n\n<ul class=\"wp-block-list\">\n<li><strong>Une piscine priv\u00e9e<\/strong> entour\u00e9e de transats pour profiter du soleil.<\/li>\n\n\n\n<li><strong>Douche ext\u00e9rieure avec eau chaude<\/strong>.<\/li>\n\n\n\n<li><strong>Deux terrasses<\/strong>: l&rsquo;une couverte, pour vous d\u00e9tendre \u00e0 l&rsquo;ombre, et l&rsquo;autre d\u00e9couverte, pour profiter du soleil.<\/li>\n\n\n\n<li><strong>Barbecue et cuisini\u00e8re \u00e0 gaz portable<\/strong>, parfaits pour les repas en plein air.<\/li>\n\n\n\n<li>Un parking priv\u00e9 pouvant accueillir <strong>2 \u00e0 3 voitures<\/strong> et une propri\u00e9t\u00e9 cl\u00f4tur\u00e9e, entour\u00e9e d&rsquo;une v\u00e9g\u00e9tation m\u00e9diterran\u00e9enne, qui garantit intimit\u00e9 et s\u00e9curit\u00e9.<\/li>\n<\/ul>\n\n\n\n<h3 class=\"wp-block-heading has-medium-font-size\"><strong>Emplacement privil\u00e9gi\u00e9<\/strong><\/h3>\n\n\n\n<p class=\"wp-block-paragraph\">Situ\u00e9e \u00e0 seulement <strong>10 minutes de la plage<\/strong> et \u00e0 <strong>5 minutes du centre de D\u00e9nia<\/strong>, la <strong>Villa Mar\u00eda<\/strong> allie la tranquillit\u00e9 d&rsquo;une villa priv\u00e9e \u00e0 la proximit\u00e9 des <a href=\"https:\/\/familyhomesrentals.com\/fr\/les-5-meilleures-plages-de-denia\/\" data-type=\"link\" data-id=\"https:\/\/familyhomesrentals.com\/las-mejores-playas-de-denia\/\">plages de D\u00e9nia<\/a>, des restaurants et des commodit\u00e9s de la ville.<\/p>\n\n\n\n<h3 class=\"wp-block-heading has-medium-font-size\"><strong>R\u00e9servez votre s\u00e9jour \u00e0 la Villa Mar\u00eda \u00e0 D\u00e9nia<\/strong><\/h3>\n\n\n\n<p class=\"wp-block-paragraph\">Gr\u00e2ce \u00e0 son emplacement exceptionnel, ses vues spectaculaires et tout le confort n\u00e9cessaire, la <strong>Villa Mar\u00eda<\/strong> est l&rsquo;endroit id\u00e9al pour passer des vacances reposantes sur la <strong>Costa Blanca<\/strong>.<\/p>\n\n\n\n<p class=\"wp-block-paragraph\">R\u00e9servez d\u00e8s maintenant et commencez \u00e0 organiser votre escapade dans ce petit coin de paradis \u00e0 <a href=\"https:\/\/denia.net\/\" data-type=\"link\" data-id=\"https:\/\/denia.net\/\" target=\"_blank\" rel=\"noopener\">D\u00e9nia<\/a>!<\/p>\n\n\n\n<p class=\"wp-block-paragraph\"><strong>R\u00e9f\u00e9rence cadastrale :<\/strong> 7812211BD4071S0001GG<\/p>\n\n\n\n<p class=\"wp-block-paragraph\"><strong>Certificat de performance \u00e9nerg\u00e9tique : classe <\/strong>F<\/p>\n<\/div>\n\n\n\n<p class=\"wp-block-paragraph\"><strong>Vid\u00e9o en 3D :<\/strong> <a href=\"https:\/\/my.matterport.com\/show\/?m=tRcmWVw6nLD\" target=\"_blank\" rel=\"noopener\">https:\/\/my.matterport.com\/show\/?m=tRcmWVw6nLD<\/a><\/p>\n<\/div>\n<\/div>\n<\/div>\n","protected":false},"author":5,"featured_media":17838,"menu_order":0,"template":"","zonas-de-denia":[530],"instalaciones":[181,186,179,191,188,194,197,200,203,212,239,206,251,248,242,245],"extras":[257,314,308,302,293,269,260,336,287,320,266,263,284,296,254,305,272,328],"payment":[],"alquiler":[44],"property-type":[91],"class_list":["post-11363","properties","type-properties","status-publish","has-post-thumbnail","hentry","zonas-de-denia-villas","instalaciones-armoires-encastrees","instalaciones-cheminee","instalaciones-climatisation","instalaciones-congelateur","instalaciones-cuisiniere-a-gaz","instalaciones-douche-exterieure","instalaciones-lave-linge","instalaciones-lave-vaisselle","instalaciones-mosquito-screens","instalaciones-parking-prive","instalaciones-plaque-de-cuisson-en-ceramique","instalaciones-refrigerateur","instalaciones-television-intelligente","instalaciones-terrain-cloture","instalaciones-terrasse-couverte","instalaciones-terrasse-non-couverte","extras-bouilloire","extras-chaises-de-plage","extras-chaises-longues","extras-corde-a-linge-portative","extras-fer-a-repasser","extras-four","extras-grille-pain","extras-lit-supplementaire","extras-machine-a-cafe-filtre-americain-fr","extras-meubles-dexterieur","extras-micro-ondes","extras-mixeur","extras-petite-machine-a-cafe-a-capsules-nespresso","extras-planche-a-repasser","extras-presse-agrumes","extras-seche-cheveux","extras-vaisselle-et-couverts-complets","extras-wifi-fr","alquiler-vacacional","property-type-villa-fr"],"_links":{"self":[{"href":"https:\/\/familyhomesrentals.com\/fr\/wp-json\/wp\/v2\/properties\/11363","targetHints":{"allow":["GET"]}}],"collection":[{"href":"https:\/\/familyhomesrentals.com\/fr\/wp-json\/wp\/v2\/properties"}],"about":[{"href":"https:\/\/familyhomesrentals.com\/fr\/wp-json\/wp\/v2\/types\/properties"}],"author":[{"embeddable":true,"href":"https:\/\/familyhomesrentals.com\/fr\/wp-json\/wp\/v2\/users\/5"}],"wp:featuredmedia":[{"embeddable":true,"href":"https:\/\/familyhomesrentals.com\/fr\/wp-json\/wp\/v2\/media\/17838"}],"wp:attachment":[{"href":"https:\/\/familyhomesrentals.com\/fr\/wp-json\/wp\/v2\/media?parent=11363"}],"wp:term":[{"taxonomy":"zonas-de-denia","embeddable":true,"href":"https:\/\/familyhomesrentals.com\/fr\/wp-json\/wp\/v2\/zonas-de-denia?post=11363"},{"taxonomy":"instalaciones","embeddable":true,"href":"https:\/\/familyhomesrentals.com\/fr\/wp-json\/wp\/v2\/instalaciones?post=11363"},{"taxonomy":"extras","embeddable":true,"href":"https:\/\/familyhomesrentals.com\/fr\/wp-json\/wp\/v2\/extras?post=11363"},{"taxonomy":"payment","embeddable":true,"href":"https:\/\/familyhomesrentals.com\/fr\/wp-json\/wp\/v2\/payment?post=11363"},{"taxonomy":"alquiler","embeddable":true,"href":"https:\/\/familyhomesrentals.com\/fr\/wp-json\/wp\/v2\/alquiler?post=11363"},{"taxonomy":"property-type","embeddable":true,"href":"https:\/\/familyhomesrentals.com\/fr\/wp-json\/wp\/v2\/property-type?post=11363"}],"curies":[{"name":"wp","href":"https:\/\/api.w.org\/{rel}","templated":true}]}}

Villa María à Dénia, piscine privée, terrasse et barbecue

<div class="wp-block-group is-layout-constrained wp-block-group-is-layout-constrained">
<div class="wp-block-group is-layout-constrained wp-block-group-is-layout-constrained">
<h2 class="wp-block-heading has-medium-font-size"><strong>Relájate y Disfruta en la Villa María en Dénia – Montgó</strong></h2>



<div class="wp-block-group is-layout-constrained wp-block-group-is-layout-constrained">
<div class="wp-block-group is-layout-constrained wp-block-group-is-layout-constrained">
<p class="wp-block-paragraph">La <strong>Villa María</strong> à Dénia est la destination idéale pour des vacances inoubliables. Située dans la magnifique région du <strong>Montgó</strong>, orientée nord-est, cette charmante villa vous offre <strong>des levers de soleil magiques</strong> et des vues panoramiques exceptionnelles.   </p>



<p class="wp-block-paragraph">Conçue sur un seul niveau, avec des espaces spacieux et confortables, elle est idéale aussi bien pour les familles que pour les groupes d&rsquo;amis qui souhaitent se détendre dans un cadre calme et intime.</p>



<p class="wp-block-paragraph"><strong>LES FÊTES ET LES GROUPES DE PERSONNES ÂGÉES DE MOINS DE 30 ANS NE SONT PAS ADMIS.</strong></p>



<h3 class="wp-block-heading has-medium-font-size"><strong>Des espaces confortables et bien équipés</strong></h3>



<p class="wp-block-paragraph">La <strong>Villa María</strong> vous offre tout ce dont vous avez besoin pour un séjour parfait :</p>



<ul class="wp-block-list">
<li><strong>Salon-salle à manger lumineux</strong>: équipé d&rsquo;une Smart TV, du Wi-Fi gratuit, de la climatisation et d&rsquo;un canapé confortable.</li>



<li><strong>Cuisine américaine entièrement équipée</strong>: avec lave-vaisselle, four, plaque vitrocéramique et appareils électroménagers de qualité.</li>



<li><strong>3 chambres doubles</strong>:
<ul class="wp-block-list">
<li>Deux chambres avec des lits de 160 cm.</li>



<li>Une chambre avec deux lits simples de 90 cm.</li>



<li>Toutes sont équipées de la climatisation et de placards encastrés.</li>
</ul>
</li>



<li><strong>Studio indépendant</strong> au rez-de-chaussée : équipé d&rsquo;un lit de 160 cm, d&rsquo;une Smart TV, de la climatisation, d&rsquo;une salle de bains privative et d&rsquo;un réfrigérateur, idéal pour plus d&rsquo;intimité et de confort.</li>
</ul>



<h3 class="wp-block-heading has-medium-font-size"><strong>Un espace extérieur pour vous détendre et profiter pleinement</strong></h3>



<p class="wp-block-paragraph">L&rsquo;extérieur de la villa est un véritable havre de paix conçu pour votre détente et vos loisirs :</p>



<ul class="wp-block-list">
<li><strong>Une piscine privée</strong> entourée de transats pour profiter du soleil.</li>



<li><strong>Douche extérieure avec eau chaude</strong>.</li>



<li><strong>Deux terrasses</strong>: l&rsquo;une couverte, pour vous détendre à l&rsquo;ombre, et l&rsquo;autre découverte, pour profiter du soleil.</li>



<li><strong>Barbecue et cuisinière à gaz portable</strong>, parfaits pour les repas en plein air.</li>



<li>Un parking privé pouvant accueillir <strong>2 à 3 voitures</strong> et une propriété clôturée, entourée d&rsquo;une végétation méditerranéenne, qui garantit intimité et sécurité.</li>
</ul>



<h3 class="wp-block-heading has-medium-font-size"><strong>Emplacement privilégié</strong></h3>



<p class="wp-block-paragraph">Située à seulement <strong>10 minutes de la plage</strong> et à <strong>5 minutes du centre de Dénia</strong>, la <strong>Villa María</strong> allie la tranquillité d&rsquo;une villa privée à la proximité des <a href="https://familyhomesrentals.com/fr/les-5-meilleures-plages-de-denia/" data-type="link" data-id="https://familyhomesrentals.com/las-mejores-playas-de-denia/">plages de Dénia</a>, des restaurants et des commodités de la ville.</p>



<h3 class="wp-block-heading has-medium-font-size"><strong>Réservez votre séjour à la Villa María à Dénia</strong></h3>



<p class="wp-block-paragraph">Grâce à son emplacement exceptionnel, ses vues spectaculaires et tout le confort nécessaire, la <strong>Villa María</strong> est l&rsquo;endroit idéal pour passer des vacances reposantes sur la <strong>Costa Blanca</strong>.</p>



<p class="wp-block-paragraph">Réservez dès maintenant et commencez à organiser votre escapade dans ce petit coin de paradis à <a href="https://denia.net/" data-type="link" data-id="https://denia.net/" target="_blank" rel="noopener">Dénia</a>!</p>



<p class="wp-block-paragraph"><strong>Référence cadastrale :</strong> 7812211BD4071S0001GG</p>



<p class="wp-block-paragraph"><strong>Certificat de performance énergétique : classe </strong>F</p>
</div>



<p class="wp-block-paragraph"><strong>Vidéo en 3D :</strong> <a href="https://my.matterport.com/show/?m=tRcmWVw6nLD" target="_blank" rel="noopener">https://my.matterport.com/show/?m=tRcmWVw6nLD</a></p>
</div>
</div>
</div>
