{"id":11368,"date":"2023-10-24T11:10:39","date_gmt":"2023-10-24T11:10:39","guid":{"rendered":"https:\/\/familyhomesrentals.com\/properties\/apartamento-luz-de-luna\/"},"modified":"2026-08-20T09:58:41","modified_gmt":"2026-08-20T09:58:41","slug":"appartement-luz-de-luna","status":"publish","type":"properties","link":"https:\/\/familyhomesrentals.com\/fr\/properties\/appartement-luz-de-luna\/","title":{"rendered":"Apartamento Luz de Luna moderno en D\u00e9nia, con terraza y piscina"},"content":{"rendered":"\n<div class=\"wp-block-group is-layout-constrained wp-block-group-is-layout-constrained\">\n<div class=\"wp-block-group is-layout-constrained wp-block-group-is-layout-constrained\">\n<h2 class=\"wp-block-heading has-medium-font-size\"><strong>Venez passer des vacances inoubliables dans l&rsquo;appartement \u00ab Luz de Luna \u00bb \u00e0 D\u00e9nia<\/strong><\/h2>\n\n\n\n<p class=\"wp-block-paragraph\"><strong>L&rsquo;appartement \u00ab Luz de Luna<\/strong> \u00bb \u00e0 D\u00e9nia est le logement id\u00e9al pour profiter d&rsquo;une escapade reposante sur la <strong>Costa Blanca<\/strong>. Pouvant accueillir jusqu\u2019\u00e0 <strong>4 personnes<\/strong> et situ\u00e9 \u00e0 seulement <strong>250 m\u00e8tres de la plage de sable<\/strong> et <strong>\u00e0 800 m\u00e8tres du port de D\u00e9nia<\/strong>, cet appartement vous offre un emplacement privil\u00e9gi\u00e9 \u00e0 proximit\u00e9 de la mer et de toutes les commodit\u00e9s. <\/p>\n\n\n\n<h4 class=\"wp-block-heading has-medium-font-size\"><strong>Des espaces accueillants et fonctionnels<\/strong><\/h4>\n\n\n\n<p class=\"wp-block-paragraph\">Con\u00e7u pour votre confort, <strong>l&rsquo;appartement Luz de Luna<\/strong> dispose des \u00e9quipements suivants :<\/p>\n\n\n\n<ul class=\"wp-block-list\">\n<li><strong>2 chambres doubles<\/strong>:\n<ul class=\"wp-block-list\">\n<li>Une chambre avec un lit double (150 cm).<\/li>\n\n\n\n<li>Une autre chambre avec deux lits simples (90 cm), toutes deux \u00e9quip\u00e9es d&rsquo;armoires encastr\u00e9es.<\/li>\n<\/ul>\n<\/li>\n\n\n\n<li><strong>Salle de bains compl\u00e8te<\/strong> avec baignoire.<\/li>\n\n\n\n<li><strong>Cuisine ind\u00e9pendante enti\u00e8rement \u00e9quip\u00e9e<\/strong>: elle comprend un lave-vaisselle, une cafeti\u00e8re Dolce Gusto et tous les petits appareils \u00e9lectrom\u00e9nagers n\u00e9cessaires \u00e0 la pr\u00e9paration de vos repas.<\/li>\n\n\n\n<li><strong>Une galerie avec un coin buanderie et un \u00e9tendoir<\/strong> \u00e0 linge, pour plus de confort pendant votre s\u00e9jour.<\/li>\n<\/ul>\n\n\n\n<h3 class=\"wp-block-heading has-medium-font-size\"><strong>Terrasse et espaces en plein air<\/strong><\/h3>\n\n\n\n<p class=\"wp-block-paragraph\">L&rsquo;appartement dispose d&rsquo;une grande terrasse orient\u00e9e \u00e0 l&rsquo;ouest, id\u00e9ale pour profiter de magnifiques <strong>vues d\u00e9gag\u00e9es<\/strong> et de couchers de soleil. De plus : <\/p>\n\n\n\n<ul class=\"wp-block-list\">\n<li><strong>Terrasse couverte d&rsquo;un auvent<\/strong>, id\u00e9ale pour se d\u00e9tendre en plein air.<\/li>\n\n\n\n<li><strong>Jardin et piscine commune<\/strong> avec jacuzzi, id\u00e9ale pour se rafra\u00eechir.<\/li>\n\n\n\n<li><strong>Une aire de jeux et un court de padel<\/strong> pour le plaisir de toute la famille.<\/li>\n<\/ul>\n\n\n\n<h4 class=\"wp-block-heading\"><strong>Prestations exclusives<\/strong><\/h4>\n\n\n\n<p class=\"wp-block-paragraph\"><strong>L&rsquo;appartement \u00ab Luz de Luna<\/strong> \u00bb propose :<\/p>\n\n\n\n<ul class=\"wp-block-list\">\n<li><strong>Climatisation<\/strong> et Smart TV dans le salon-salle \u00e0 manger.<\/li>\n\n\n\n<li><strong>Place de parking priv\u00e9e couverte<\/strong> dans un lotissement ferm\u00e9, garantissant votre confort et votre s\u00e9curit\u00e9.<\/li>\n\n\n\n<li>Des extras tels qu&rsquo;un nouveau canap\u00e9 convertible, un parasol et des chaises longues, ainsi que des r\u00e9ductions sur des activit\u00e9s de loisirs et au spa pour enrichir votre exp\u00e9rience.<\/li>\n<\/ul>\n\n\n\n<h4 class=\"wp-block-heading\"><strong>Un emplacement id\u00e9al<\/strong><\/h4>\n\n\n\n<p class=\"wp-block-paragraph\">Situ\u00e9 \u00e0 seulement <strong>3 minutes \u00e0 pied de la plage<\/strong> et offrant un acc\u00e8s facile aux <a href=\"https:\/\/familyhomesrentals.com\/descubre-los-mejores-restaurantes-en-denia\/\" data-type=\"link\" data-id=\"https:\/\/familyhomesrentals.com\/restaurantes-en-javea\/\">restaurants, aux magasins et aux activit\u00e9s de D\u00e9nia<\/a>, cet appartement allie tranquillit\u00e9 et proximit\u00e9 avec tout ce dont vous avez besoin pour passer des vacances inoubliables.<\/p>\n\n\n\n<h4 class=\"wp-block-heading\"><strong>R\u00e9servez d\u00e8s maintenant l&rsquo;appartement \u00ab Luz de Luna \u00bb \u00e0 D\u00e9nia<\/strong><\/h4>\n\n\n\n<p class=\"wp-block-paragraph\">Gr\u00e2ce \u00e0 son emplacement id\u00e9al, \u00e0 ses \u00e9quipements modernes et \u00e0 ses possibilit\u00e9s de loisirs pour toute la famille, <strong>l&rsquo;appartement Luz de Luna<\/strong> est le choix id\u00e9al pour vos vacances.<\/p>\n\n\n\n<p class=\"wp-block-paragraph\">N&rsquo;attendez plus et r\u00e9servez d\u00e8s maintenant pour d\u00e9couvrir <a href=\"https:\/\/denia.net\/\" data-type=\"link\" data-id=\"https:\/\/denia.net\/\" target=\"_blank\" rel=\"noopener\">D\u00e9nia<\/a> comme jamais auparavant !<\/p>\n\n\n\n<p class=\"wp-block-paragraph\"><strong>LES F\u00caTES ET LES GROUPES DE PERSONNES \u00c2G\u00c9ES DE MOINS DE 30 ANS NE SONT PAS ADMIS.<\/strong><\/p>\n<\/div>\n\n\n\n<p class=\"wp-block-paragraph\"><strong>R\u00e9f\u00e9rence cadastrale :<\/strong> 7943024BD4074S0046WU<\/p>\n\n\n\n<p class=\"wp-block-paragraph\"><strong>Certificat de performance \u00e9nerg\u00e9tique : classe <\/strong>E<\/p>\n\n\n\n<p class=\"wp-block-paragraph\"><strong>Vid\u00e9o en 3D :<\/strong> <a href=\"https:\/\/my.matterport.com\/show\/?m=xJTTw6m8DMA\" target=\"_blank\" rel=\"noopener\">https:\/\/my.matterport.com\/show\/?m=xJTTw6m8DMA<\/a><br\/><\/p>\n<\/div>\n","protected":false},"author":5,"featured_media":17843,"menu_order":0,"template":"","zonas-de-denia":[522],"instalaciones":[181,179,191,197,200,212,239,206,230,251,245,236],"extras":[290,257,314,308,299,302,293,269,260,275,281,287,320,266,263,325,296,254,305,272,328],"payment":[],"alquiler":[44],"property-type":[82],"class_list":["post-11368","properties","type-properties","status-publish","has-post-thumbnail","hentry","zonas-de-denia-fallas-denia","instalaciones-armoires-encastrees","instalaciones-climatisation","instalaciones-congelateur","instalaciones-lave-linge","instalaciones-lave-vaisselle","instalaciones-parking-prive","instalaciones-plaque-de-cuisson-en-ceramique","instalaciones-refrigerateur","instalaciones-television-a-ecran-plat","instalaciones-television-intelligente","instalaciones-terrasse-non-couverte","instalaciones-ventilateurs-de-plafond","extras-amplificateur-wifi","extras-bouilloire","extras-chaises-de-plage","extras-chaises-longues","extras-corde-a-linge","extras-corde-a-linge-portative","extras-fer-a-repasser","extras-four","extras-grille-pain","extras-machine-a-cafe","extras-machine-a-cafe-a-grandes-capsules-dolce-gusto","extras-machine-a-cafe-filtre-americain-fr","extras-meubles-dexterieur","extras-micro-ondes","extras-mixeur","extras-piscine-commune","extras-planche-a-repasser","extras-presse-agrumes","extras-seche-cheveux","extras-vaisselle-et-couverts-complets","extras-wifi-fr","alquiler-vacacional","property-type-appartement"],"_links":{"self":[{"href":"https:\/\/familyhomesrentals.com\/fr\/wp-json\/wp\/v2\/properties\/11368","targetHints":{"allow":["GET"]}}],"collection":[{"href":"https:\/\/familyhomesrentals.com\/fr\/wp-json\/wp\/v2\/properties"}],"about":[{"href":"https:\/\/familyhomesrentals.com\/fr\/wp-json\/wp\/v2\/types\/properties"}],"author":[{"embeddable":true,"href":"https:\/\/familyhomesrentals.com\/fr\/wp-json\/wp\/v2\/users\/5"}],"wp:featuredmedia":[{"embeddable":true,"href":"https:\/\/familyhomesrentals.com\/fr\/wp-json\/wp\/v2\/media\/17843"}],"wp:attachment":[{"href":"https:\/\/familyhomesrentals.com\/fr\/wp-json\/wp\/v2\/media?parent=11368"}],"wp:term":[{"taxonomy":"zonas-de-denia","embeddable":true,"href":"https:\/\/familyhomesrentals.com\/fr\/wp-json\/wp\/v2\/zonas-de-denia?post=11368"},{"taxonomy":"instalaciones","embeddable":true,"href":"https:\/\/familyhomesrentals.com\/fr\/wp-json\/wp\/v2\/instalaciones?post=11368"},{"taxonomy":"extras","embeddable":true,"href":"https:\/\/familyhomesrentals.com\/fr\/wp-json\/wp\/v2\/extras?post=11368"},{"taxonomy":"payment","embeddable":true,"href":"https:\/\/familyhomesrentals.com\/fr\/wp-json\/wp\/v2\/payment?post=11368"},{"taxonomy":"alquiler","embeddable":true,"href":"https:\/\/familyhomesrentals.com\/fr\/wp-json\/wp\/v2\/alquiler?post=11368"},{"taxonomy":"property-type","embeddable":true,"href":"https:\/\/familyhomesrentals.com\/fr\/wp-json\/wp\/v2\/property-type?post=11368"}],"curies":[{"name":"wp","href":"https:\/\/api.w.org\/{rel}","templated":true}]}}

Apartamento Luz de Luna moderno en Dénia, con terraza y piscina

<div class="wp-block-group is-layout-constrained wp-block-group-is-layout-constrained">
<div class="wp-block-group is-layout-constrained wp-block-group-is-layout-constrained">
<h2 class="wp-block-heading has-medium-font-size"><strong>Venez passer des vacances inoubliables dans l&rsquo;appartement « Luz de Luna » à Dénia</strong></h2>



<p class="wp-block-paragraph"><strong>L&rsquo;appartement « Luz de Luna</strong> » à Dénia est le logement idéal pour profiter d&rsquo;une escapade reposante sur la <strong>Costa Blanca</strong>. Pouvant accueillir jusqu’à <strong>4 personnes</strong> et situé à seulement <strong>250 mètres de la plage de sable</strong> et <strong>à 800 mètres du port de Dénia</strong>, cet appartement vous offre un emplacement privilégié à proximité de la mer et de toutes les commodités. </p>



<h4 class="wp-block-heading has-medium-font-size"><strong>Des espaces accueillants et fonctionnels</strong></h4>



<p class="wp-block-paragraph">Conçu pour votre confort, <strong>l&rsquo;appartement Luz de Luna</strong> dispose des équipements suivants :</p>



<ul class="wp-block-list">
<li><strong>2 chambres doubles</strong>:
<ul class="wp-block-list">
<li>Une chambre avec un lit double (150 cm).</li>



<li>Une autre chambre avec deux lits simples (90 cm), toutes deux équipées d&rsquo;armoires encastrées.</li>
</ul>
</li>



<li><strong>Salle de bains complète</strong> avec baignoire.</li>



<li><strong>Cuisine indépendante entièrement équipée</strong>: elle comprend un lave-vaisselle, une cafetière Dolce Gusto et tous les petits appareils électroménagers nécessaires à la préparation de vos repas.</li>



<li><strong>Une galerie avec un coin buanderie et un étendoir</strong> à linge, pour plus de confort pendant votre séjour.</li>
</ul>



<h3 class="wp-block-heading has-medium-font-size"><strong>Terrasse et espaces en plein air</strong></h3>



<p class="wp-block-paragraph">L&rsquo;appartement dispose d&rsquo;une grande terrasse orientée à l&rsquo;ouest, idéale pour profiter de magnifiques <strong>vues dégagées</strong> et de couchers de soleil. De plus : </p>



<ul class="wp-block-list">
<li><strong>Terrasse couverte d&rsquo;un auvent</strong>, idéale pour se détendre en plein air.</li>



<li><strong>Jardin et piscine commune</strong> avec jacuzzi, idéale pour se rafraîchir.</li>



<li><strong>Une aire de jeux et un court de padel</strong> pour le plaisir de toute la famille.</li>
</ul>



<h4 class="wp-block-heading"><strong>Prestations exclusives</strong></h4>



<p class="wp-block-paragraph"><strong>L&rsquo;appartement « Luz de Luna</strong> » propose :</p>



<ul class="wp-block-list">
<li><strong>Climatisation</strong> et Smart TV dans le salon-salle à manger.</li>



<li><strong>Place de parking privée couverte</strong> dans un lotissement fermé, garantissant votre confort et votre sécurité.</li>



<li>Des extras tels qu&rsquo;un nouveau canapé convertible, un parasol et des chaises longues, ainsi que des réductions sur des activités de loisirs et au spa pour enrichir votre expérience.</li>
</ul>



<h4 class="wp-block-heading"><strong>Un emplacement idéal</strong></h4>



<p class="wp-block-paragraph">Situé à seulement <strong>3 minutes à pied de la plage</strong> et offrant un accès facile aux <a href="https://familyhomesrentals.com/descubre-los-mejores-restaurantes-en-denia/" data-type="link" data-id="https://familyhomesrentals.com/restaurantes-en-javea/">restaurants, aux magasins et aux activités de Dénia</a>, cet appartement allie tranquillité et proximité avec tout ce dont vous avez besoin pour passer des vacances inoubliables.</p>



<h4 class="wp-block-heading"><strong>Réservez dès maintenant l&rsquo;appartement « Luz de Luna » à Dénia</strong></h4>



<p class="wp-block-paragraph">Grâce à son emplacement idéal, à ses équipements modernes et à ses possibilités de loisirs pour toute la famille, <strong>l&rsquo;appartement Luz de Luna</strong> est le choix idéal pour vos vacances.</p>



<p class="wp-block-paragraph">N&rsquo;attendez plus et réservez dès maintenant pour découvrir <a href="https://denia.net/" data-type="link" data-id="https://denia.net/" target="_blank" rel="noopener">Dénia</a> comme jamais auparavant !</p>



<p class="wp-block-paragraph"><strong>LES FÊTES ET LES GROUPES DE PERSONNES ÂGÉES DE MOINS DE 30 ANS NE SONT PAS ADMIS.</strong></p>
</div>



<p class="wp-block-paragraph"><strong>Référence cadastrale :</strong> 7943024BD4074S0046WU</p>



<p class="wp-block-paragraph"><strong>Certificat de performance énergétique : classe </strong>E</p>



<p class="wp-block-paragraph"><strong>Vidéo en 3D :</strong> <a href="https://my.matterport.com/show/?m=xJTTw6m8DMA" target="_blank" rel="noopener">https://my.matterport.com/show/?m=xJTTw6m8DMA</a><br/></p>
</div>
