{"id":11372,"date":"2023-12-13T11:42:16","date_gmt":"2023-12-13T11:42:16","guid":{"rendered":"https:\/\/familyhomesrentals.com\/properties\/apartamento-juanita\/"},"modified":"2025-02-05T09:13:01","modified_gmt":"2025-02-05T09:13:01","slug":"appartement-juanita","status":"publish","type":"properties","link":"https:\/\/familyhomesrentals.com\/fr\/properties\/appartement-juanita\/","title":{"rendered":"Appartement Juanita"},"content":{"rendered":"\n<div class=\"wp-block-group is-layout-constrained wp-block-group-is-layout-constrained\">\n<h2 class=\"wp-block-heading has-medium-font-size\"><strong>Appartement Juanita \u2013 Vue Mer et Confort \u00e0 Deux Pas de la Plage<\/strong><\/h2>\n\n\n\n<p>L\u2019<strong>Appartement Juanita<\/strong> est un <strong>magnifique appartement moderne et lumineux<\/strong>, id\u00e9al pour <strong>6 personnes<\/strong>, situ\u00e9 <strong>en bord de mer<\/strong>, \u00e0 seulement <strong>50 m\u00e8tres de la plage de sable<\/strong> \u00e0 <a href=\"https:\/\/familyhomesrentals.com\/fr\/12-lieux-a-voir-a-denia\/\" data-type=\"link\" data-id=\"https:\/\/familyhomesrentals.com\/fr\/12-lieux-a-voir-a-denia\/\">D\u00e9nia<\/a>. Son <strong>emplacement privil\u00e9gi\u00e9<\/strong>, ses <strong>espaces g\u00e9n\u00e9reux<\/strong> et ses <strong>\u00e9quipements modernes<\/strong> en font l\u2019option parfaite pour des <strong>vacances en famille<\/strong>.<\/p>\n\n\n\n<h3 class=\"wp-block-heading has-medium-font-size\"><strong>Un Int\u00e9rieur Spacieux et Bien \u00c9quip\u00e9<\/strong><\/h3>\n\n\n\n<ul class=\"wp-block-list\">\n<li><strong>Trois chambres doubles<\/strong> :\n<ul class=\"wp-block-list\">\n<li>Une chambre avec <strong>lit double (150 cm)<\/strong>.<\/li>\n\n\n\n<li>Deux chambres avec <strong>lits simples (90 cm)<\/strong>.<\/li>\n<\/ul>\n<\/li>\n\n\n\n<li><strong>Une salle de bains avec douche et un WC s\u00e9par\u00e9<\/strong>.<\/li>\n\n\n\n<li><strong>Cuisine enti\u00e8rement \u00e9quip\u00e9e<\/strong>, id\u00e9ale pour pr\u00e9parer vos repas en toute commodit\u00e9.<\/li>\n\n\n\n<li><strong>Salon-salle \u00e0 manger spacieux<\/strong> avec acc\u00e8s \u00e0 une <strong>superbe terrasse ext\u00e9rieure avec vue sur la mer<\/strong>.<\/li>\n<\/ul>\n\n\n\n<h3 class=\"wp-block-heading has-medium-font-size\"><strong>Deux Terrasses pour Profiter du Plein Air<\/strong><\/h3>\n\n\n\n<ul class=\"wp-block-list\">\n<li><strong>Grande terrasse principale<\/strong> avec mobilier ext\u00e9rieur et vue imprenable sur la mer.<\/li>\n\n\n\n<li><strong>Terrasse-solarium orient\u00e9e sud<\/strong>, parfaite pour se d\u00e9tendre au soleil.<\/li>\n<\/ul>\n\n\n\n<h3 class=\"wp-block-heading has-medium-font-size\"><strong>\u00c9quipements et Services<\/strong><\/h3>\n\n\n\n<ul class=\"wp-block-list\">\n<li><strong>Climatisation<\/strong> dans toute la propri\u00e9t\u00e9.<\/li>\n\n\n\n<li><strong>WiFi et t\u00e9l\u00e9vision par satellite<\/strong>.<\/li>\n\n\n\n<li><strong>Barbecue<\/strong> pour des repas en ext\u00e9rieur.<\/li>\n\n\n\n<li><strong>Parking priv\u00e9<\/strong>.<\/li>\n<\/ul>\n\n\n\n<h3 class=\"wp-block-heading has-medium-font-size\"><strong>Un Emplacement Id\u00e9al<\/strong><\/h3>\n\n\n\n<p>Situ\u00e9 dans une <strong>urbanisation familiale calme<\/strong>, avec <strong>acc\u00e8s direct \u00e0 la plage de sable<\/strong>. \u00c0 proximit\u00e9 imm\u00e9diate de <strong>tous les services essentiels<\/strong>, accessibles \u00e0 pied :<\/p>\n\n\n\n<ul class=\"wp-block-list\">\n<li><strong>Pharmacie<\/strong><\/li>\n\n\n\n<li><strong>Supermarch\u00e9s<\/strong><\/li>\n\n\n\n<li><strong>Boulangerie<\/strong><\/li>\n\n\n\n<li><strong>Restaurants<\/strong><\/li>\n<\/ul>\n\n\n\n<h3 class=\"wp-block-heading has-medium-font-size\"><strong>R\u00e9servez d\u00e8s maintenant votre s\u00e9jour \u00e0 l\u2019Appartement Juanita !<\/strong><\/h3>\n\n\n\n<p>Avec son <strong>emplacement de r\u00eave<\/strong>, son <strong>confort moderne<\/strong> et sa <strong>vue exceptionnelle sur la mer<\/strong>, c\u2019est le lieu id\u00e9al pour des <strong>vacances inoubliables \u00e0 <a href=\"https:\/\/denia.net\/fr\" data-type=\"link\" data-id=\"https:\/\/denia.net\/fr\" target=\"_blank\" rel=\"noopener\">D\u00e9nia<\/a><\/strong>.<\/p>\n\n\n\n<div class=\"wp-block-group is-layout-constrained wp-block-group-is-layout-constrained\">\n<p><\/p>\n<\/div>\n\n\n\n<p><\/p>\n<\/div>\n","protected":false},"author":5,"featured_media":17734,"menu_order":0,"template":"","zonas-de-denia":[],"instalaciones":[181,179,191,194,197,212,206,245,221],"extras":[302,293,269,260,275,320,266,263,311,284,325,296,305,272,328],"payment":[],"alquiler":[44],"property-type":[82],"class_list":["post-11372","properties","type-properties","status-publish","has-post-thumbnail","hentry","instalaciones-armoires-encastrees","instalaciones-climatisation","instalaciones-congelateur","instalaciones-douche-exterieure","instalaciones-lave-linge","instalaciones-parking-prive","instalaciones-refrigerateur","instalaciones-terrasse-non-couverte","instalaciones-tv-fr","extras-corde-a-linge-portative","extras-fer-a-repasser","extras-four","extras-grille-pain","extras-machine-a-cafe","extras-meubles-dexterieur","extras-micro-ondes","extras-mixeur","extras-pare-soleil","extras-petite-machine-a-cafe-a-capsules-nespresso","extras-piscine-commune","extras-planche-a-repasser","extras-seche-cheveux","extras-vaisselle-et-couverts-complets","extras-wifi-fr","alquiler-vacacional","property-type-appartement"],"_links":{"self":[{"href":"https:\/\/familyhomesrentals.com\/fr\/wp-json\/wp\/v2\/properties\/11372","targetHints":{"allow":["GET"]}}],"collection":[{"href":"https:\/\/familyhomesrentals.com\/fr\/wp-json\/wp\/v2\/properties"}],"about":[{"href":"https:\/\/familyhomesrentals.com\/fr\/wp-json\/wp\/v2\/types\/properties"}],"author":[{"embeddable":true,"href":"https:\/\/familyhomesrentals.com\/fr\/wp-json\/wp\/v2\/users\/5"}],"wp:featuredmedia":[{"embeddable":true,"href":"https:\/\/familyhomesrentals.com\/fr\/wp-json\/wp\/v2\/media\/17734"}],"wp:attachment":[{"href":"https:\/\/familyhomesrentals.com\/fr\/wp-json\/wp\/v2\/media?parent=11372"}],"wp:term":[{"taxonomy":"zonas-de-denia","embeddable":true,"href":"https:\/\/familyhomesrentals.com\/fr\/wp-json\/wp\/v2\/zonas-de-denia?post=11372"},{"taxonomy":"instalaciones","embeddable":true,"href":"https:\/\/familyhomesrentals.com\/fr\/wp-json\/wp\/v2\/instalaciones?post=11372"},{"taxonomy":"extras","embeddable":true,"href":"https:\/\/familyhomesrentals.com\/fr\/wp-json\/wp\/v2\/extras?post=11372"},{"taxonomy":"payment","embeddable":true,"href":"https:\/\/familyhomesrentals.com\/fr\/wp-json\/wp\/v2\/payment?post=11372"},{"taxonomy":"alquiler","embeddable":true,"href":"https:\/\/familyhomesrentals.com\/fr\/wp-json\/wp\/v2\/alquiler?post=11372"},{"taxonomy":"property-type","embeddable":true,"href":"https:\/\/familyhomesrentals.com\/fr\/wp-json\/wp\/v2\/property-type?post=11372"}],"curies":[{"name":"wp","href":"https:\/\/api.w.org\/{rel}","templated":true}]}}

<div class="wp-block-group is-layout-constrained wp-block-group-is-layout-constrained">
<h2 class="wp-block-heading has-medium-font-size"><strong>Appartement Juanita – Vue Mer et Confort à Deux Pas de la Plage</strong></h2>



<p>L’<strong>Appartement Juanita</strong> est un <strong>magnifique appartement moderne et lumineux</strong>, idéal pour <strong>6 personnes</strong>, situé <strong>en bord de mer</strong>, à seulement <strong>50 mètres de la plage de sable</strong> à <a href="https://familyhomesrentals.com/fr/12-lieux-a-voir-a-denia/" data-type="link" data-id="https://familyhomesrentals.com/fr/12-lieux-a-voir-a-denia/">Dénia</a>. Son <strong>emplacement privilégié</strong>, ses <strong>espaces généreux</strong> et ses <strong>équipements modernes</strong> en font l’option parfaite pour des <strong>vacances en famille</strong>.</p>



<h3 class="wp-block-heading has-medium-font-size"><strong>Un Intérieur Spacieux et Bien Équipé</strong></h3>



<ul class="wp-block-list">
<li><strong>Trois chambres doubles</strong> :
<ul class="wp-block-list">
<li>Une chambre avec <strong>lit double (150 cm)</strong>.</li>



<li>Deux chambres avec <strong>lits simples (90 cm)</strong>.</li>
</ul>
</li>



<li><strong>Une salle de bains avec douche et un WC séparé</strong>.</li>



<li><strong>Cuisine entièrement équipée</strong>, idéale pour préparer vos repas en toute commodité.</li>



<li><strong>Salon-salle à manger spacieux</strong> avec accès à une <strong>superbe terrasse extérieure avec vue sur la mer</strong>.</li>
</ul>



<h3 class="wp-block-heading has-medium-font-size"><strong>Deux Terrasses pour Profiter du Plein Air</strong></h3>



<ul class="wp-block-list">
<li><strong>Grande terrasse principale</strong> avec mobilier extérieur et vue imprenable sur la mer.</li>



<li><strong>Terrasse-solarium orientée sud</strong>, parfaite pour se détendre au soleil.</li>
</ul>



<h3 class="wp-block-heading has-medium-font-size"><strong>Équipements et Services</strong></h3>



<ul class="wp-block-list">
<li><strong>Climatisation</strong> dans toute la propriété.</li>



<li><strong>WiFi et télévision par satellite</strong>.</li>



<li><strong>Barbecue</strong> pour des repas en extérieur.</li>



<li><strong>Parking privé</strong>.</li>
</ul>



<h3 class="wp-block-heading has-medium-font-size"><strong>Un Emplacement Idéal</strong></h3>



<p>Situé dans une <strong>urbanisation familiale calme</strong>, avec <strong>accès direct à la plage de sable</strong>. À proximité immédiate de <strong>tous les services essentiels</strong>, accessibles à pied :</p>



<ul class="wp-block-list">
<li><strong>Pharmacie</strong></li>



<li><strong>Supermarchés</strong></li>



<li><strong>Boulangerie</strong></li>



<li><strong>Restaurants</strong></li>
</ul>



<h3 class="wp-block-heading has-medium-font-size"><strong>Réservez dès maintenant votre séjour à l’Appartement Juanita !</strong></h3>



<p>Avec son <strong>emplacement de rêve</strong>, son <strong>confort moderne</strong> et sa <strong>vue exceptionnelle sur la mer</strong>, c’est le lieu idéal pour des <strong>vacances inoubliables à <a href="https://denia.net/fr" data-type="link" data-id="https://denia.net/fr" target="_blank" rel="noopener">Dénia</a></strong>.</p>



<div class="wp-block-group is-layout-constrained wp-block-group-is-layout-constrained">
<p></p>
</div>



<p></p>
</div>
