{"id":14589,"date":"2024-06-12T16:33:50","date_gmt":"2024-06-12T16:33:50","guid":{"rendered":"https:\/\/familyhomesrentals.com\/properties\/apartamento-yuka\/"},"modified":"2025-01-29T17:05:00","modified_gmt":"2025-01-29T17:05:00","slug":"appartement-yuka","status":"publish","type":"properties","link":"https:\/\/familyhomesrentals.com\/fr\/properties\/appartement-yuka\/","title":{"rendered":"Appartement Yuka"},"content":{"rendered":"\n<div class=\"wp-block-group is-layout-constrained wp-block-group-is-layout-constrained\">\n<h2 class=\"wp-block-heading has-medium-font-size\"><strong>Profitez d\u2019un S\u00e9jour Inoubliable \u00e0 l\u2019Appartement Yuka \u00e0 D\u00e9nia<\/strong><\/h2>\n\n\n\n<p>Situ\u00e9 dans le complexe exclusif <strong>Sue\u00f1os del Mar II<\/strong>, l\u2019<strong>Appartement Yuka<\/strong> est l\u2019endroit id\u00e9al pour des <strong>vacances en famille<\/strong> \u00e0 <a href=\"https:\/\/familyhomesrentals.com\/que-ver-en-denia\/\" data-type=\"link\" data-id=\"https:\/\/familyhomesrentals.com\/que-ver-en-denia\/\">D\u00e9nia<\/a>. \u00c0 seulement <strong>100 m\u00e8tres de la plage<\/strong>, cet appartement spacieux offre tout le confort n\u00e9cessaire pour un s\u00e9jour m\u00e9morable sur la <strong>Costa Blanca<\/strong>.<\/p>\n\n\n\n<h3 class=\"wp-block-heading has-medium-font-size\"><strong>Espaces Confortables et Bien Pens\u00e9s<\/strong><\/h3>\n\n\n\n<p>L\u2019appartement est con\u00e7u pour garantir votre confort :<\/p>\n\n\n\n<ul class=\"wp-block-list\">\n<li><strong>3 chambres doubles<\/strong> :\n<ul class=\"wp-block-list\">\n<li>Deux chambres \u00e9quip\u00e9es de <strong>deux lits simples<\/strong> chacune.<\/li>\n\n\n\n<li>Une chambre principale avec un <strong>lit double<\/strong> et une <strong>salle de bains privative<\/strong> avec baignoire.<\/li>\n<\/ul>\n<\/li>\n\n\n\n<li><strong>2 salles de bains<\/strong> :\n<ul class=\"wp-block-list\">\n<li>Une salle de bains avec baignoire.<\/li>\n\n\n\n<li>Une seconde salle de bains avec douche.<\/li>\n<\/ul>\n<\/li>\n\n\n\n<li><strong>Cuisine enti\u00e8rement \u00e9quip\u00e9e<\/strong> : Avec des petits appareils \u00e9lectrom\u00e9nagers et un <strong>lave-vaisselle<\/strong>, id\u00e9ale pour pr\u00e9parer des repas savoureux.<\/li>\n\n\n\n<li><strong>Salon-salle \u00e0 manger lumineux<\/strong> : Acc\u00e8s direct \u00e0 une <strong>terrasse meubl\u00e9e<\/strong>, parfaite pour des repas en plein air.<\/li>\n<\/ul>\n\n\n\n<h3 class=\"wp-block-heading has-medium-font-size\"><strong>Confort Moderne<\/strong><\/h3>\n\n\n\n<ul class=\"wp-block-list\">\n<li><strong>Climatisation centralis\u00e9e<\/strong> et <strong>Wi-Fi<\/strong> dans tout l\u2019appartement, pour un confort optimal toute l\u2019ann\u00e9e.<\/li>\n<\/ul>\n\n\n\n<h3 class=\"wp-block-heading has-medium-font-size\"><strong>Installations Communes<\/strong><\/h3>\n\n\n\n<p>Le complexe <strong>Sue\u00f1os del Mar II<\/strong> met \u00e0 votre disposition :<\/p>\n\n\n\n<ul class=\"wp-block-list\">\n<li><strong>Piscine<\/strong> entour\u00e9e d\u2019un beau jardin.<\/li>\n\n\n\n<li><strong>Aire de jeux pour enfants<\/strong>, parfaite pour les plus petits.<\/li>\n\n\n\n<li><strong>Salle de sport<\/strong>, id\u00e9ale pour rester actif.<\/li>\n\n\n\n<li><strong>Parking priv\u00e9<\/strong>, offrant s\u00e9curit\u00e9 et commodit\u00e9.<\/li>\n<\/ul>\n\n\n\n<h3 class=\"wp-block-heading has-medium-font-size\"><strong>Emplacement Id\u00e9al<\/strong><\/h3>\n\n\n\n<p>L\u2019<strong>Appartement Yuka<\/strong> b\u00e9n\u00e9ficie d\u2019une situation privil\u00e9gi\u00e9e :<\/p>\n\n\n\n<ul class=\"wp-block-list\">\n<li>\u00c0 seulement <strong>100 m\u00e8tres de la plage<\/strong>, permettant de profiter de la mer en quelques minutes.<\/li>\n\n\n\n<li>\u00c0 <strong>300 m\u00e8tres du centre-ville<\/strong>, o\u00f9 vous trouverez des restaurants, des boutiques et toutes les commodit\u00e9s n\u00e9cessaires.<\/li>\n<\/ul>\n\n\n\n<h3 class=\"wp-block-heading has-medium-font-size\"><strong>R\u00e9servez Votre S\u00e9jour \u00e0 l\u2019Appartement Yuka<\/strong><\/h3>\n\n\n\n<p>Avec son emplacement exceptionnel, ses installations modernes et ses espaces con\u00e7us pour le confort, l\u2019<strong>Appartement<\/strong> <strong>Yuka<\/strong> est le choix parfait pour vos prochaines vacances \u00e0 <strong><a href=\"https:\/\/denia.net\/fr\" data-type=\"link\" data-id=\"https:\/\/denia.net\/fr\" target=\"_blank\" rel=\"noopener\">D\u00e9nia<\/a><\/strong>.<\/p>\n\n\n\n<p><strong>R\u00e9servez d\u00e8s maintenant<\/strong> et vivez des moments inoubliables en famille ou entre amis !<\/p>\n<\/div>\n\n\n\n<p><\/p>\n","protected":false},"author":5,"featured_media":17705,"menu_order":0,"template":"","zonas-de-denia":[],"instalaciones":[181,179,191,197,200,212,239,206,242],"extras":[257,302,269,260,278,320,266,263,325,305,272,328],"payment":[],"alquiler":[44],"property-type":[82],"class_list":["post-14589","properties","type-properties","status-publish","has-post-thumbnail","hentry","instalaciones-armoires-encastrees","instalaciones-climatisation","instalaciones-congelateur","instalaciones-lave-linge","instalaciones-lave-vaisselle","instalaciones-parking-prive","instalaciones-plaque-de-cuisson-en-ceramique","instalaciones-refrigerateur","instalaciones-terrasse-couverte","extras-bouilloire","extras-corde-a-linge-portative","extras-four","extras-grille-pain","extras-machine-a-cafe-filtre-americain","extras-meubles-dexterieur","extras-micro-ondes","extras-mixeur","extras-piscine-commune","extras-seche-cheveux","extras-vaisselle-et-couverts-complets","extras-wifi-fr","alquiler-vacacional","property-type-appartement"],"_links":{"self":[{"href":"https:\/\/familyhomesrentals.com\/fr\/wp-json\/wp\/v2\/properties\/14589","targetHints":{"allow":["GET"]}}],"collection":[{"href":"https:\/\/familyhomesrentals.com\/fr\/wp-json\/wp\/v2\/properties"}],"about":[{"href":"https:\/\/familyhomesrentals.com\/fr\/wp-json\/wp\/v2\/types\/properties"}],"author":[{"embeddable":true,"href":"https:\/\/familyhomesrentals.com\/fr\/wp-json\/wp\/v2\/users\/5"}],"wp:featuredmedia":[{"embeddable":true,"href":"https:\/\/familyhomesrentals.com\/fr\/wp-json\/wp\/v2\/media\/17705"}],"wp:attachment":[{"href":"https:\/\/familyhomesrentals.com\/fr\/wp-json\/wp\/v2\/media?parent=14589"}],"wp:term":[{"taxonomy":"zonas-de-denia","embeddable":true,"href":"https:\/\/familyhomesrentals.com\/fr\/wp-json\/wp\/v2\/zonas-de-denia?post=14589"},{"taxonomy":"instalaciones","embeddable":true,"href":"https:\/\/familyhomesrentals.com\/fr\/wp-json\/wp\/v2\/instalaciones?post=14589"},{"taxonomy":"extras","embeddable":true,"href":"https:\/\/familyhomesrentals.com\/fr\/wp-json\/wp\/v2\/extras?post=14589"},{"taxonomy":"payment","embeddable":true,"href":"https:\/\/familyhomesrentals.com\/fr\/wp-json\/wp\/v2\/payment?post=14589"},{"taxonomy":"alquiler","embeddable":true,"href":"https:\/\/familyhomesrentals.com\/fr\/wp-json\/wp\/v2\/alquiler?post=14589"},{"taxonomy":"property-type","embeddable":true,"href":"https:\/\/familyhomesrentals.com\/fr\/wp-json\/wp\/v2\/property-type?post=14589"}],"curies":[{"name":"wp","href":"https:\/\/api.w.org\/{rel}","templated":true}]}}

<div class="wp-block-group is-layout-constrained wp-block-group-is-layout-constrained">
<h2 class="wp-block-heading has-medium-font-size"><strong>Profitez d’un Séjour Inoubliable à l’Appartement Yuka à Dénia</strong></h2>



<p>Situé dans le complexe exclusif <strong>Sueños del Mar II</strong>, l’<strong>Appartement Yuka</strong> est l’endroit idéal pour des <strong>vacances en famille</strong> à <a href="https://familyhomesrentals.com/que-ver-en-denia/" data-type="link" data-id="https://familyhomesrentals.com/que-ver-en-denia/">Dénia</a>. À seulement <strong>100 mètres de la plage</strong>, cet appartement spacieux offre tout le confort nécessaire pour un séjour mémorable sur la <strong>Costa Blanca</strong>.</p>



<h3 class="wp-block-heading has-medium-font-size"><strong>Espaces Confortables et Bien Pensés</strong></h3>



<p>L’appartement est conçu pour garantir votre confort :</p>



<ul class="wp-block-list">
<li><strong>3 chambres doubles</strong> :
<ul class="wp-block-list">
<li>Deux chambres équipées de <strong>deux lits simples</strong> chacune.</li>



<li>Une chambre principale avec un <strong>lit double</strong> et une <strong>salle de bains privative</strong> avec baignoire.</li>
</ul>
</li>



<li><strong>2 salles de bains</strong> :
<ul class="wp-block-list">
<li>Une salle de bains avec baignoire.</li>



<li>Une seconde salle de bains avec douche.</li>
</ul>
</li>



<li><strong>Cuisine entièrement équipée</strong> : Avec des petits appareils électroménagers et un <strong>lave-vaisselle</strong>, idéale pour préparer des repas savoureux.</li>



<li><strong>Salon-salle à manger lumineux</strong> : Accès direct à une <strong>terrasse meublée</strong>, parfaite pour des repas en plein air.</li>
</ul>



<h3 class="wp-block-heading has-medium-font-size"><strong>Confort Moderne</strong></h3>



<ul class="wp-block-list">
<li><strong>Climatisation centralisée</strong> et <strong>Wi-Fi</strong> dans tout l’appartement, pour un confort optimal toute l’année.</li>
</ul>



<h3 class="wp-block-heading has-medium-font-size"><strong>Installations Communes</strong></h3>



<p>Le complexe <strong>Sueños del Mar II</strong> met à votre disposition :</p>



<ul class="wp-block-list">
<li><strong>Piscine</strong> entourée d’un beau jardin.</li>



<li><strong>Aire de jeux pour enfants</strong>, parfaite pour les plus petits.</li>



<li><strong>Salle de sport</strong>, idéale pour rester actif.</li>



<li><strong>Parking privé</strong>, offrant sécurité et commodité.</li>
</ul>



<h3 class="wp-block-heading has-medium-font-size"><strong>Emplacement Idéal</strong></h3>



<p>L’<strong>Appartement Yuka</strong> bénéficie d’une situation privilégiée :</p>



<ul class="wp-block-list">
<li>À seulement <strong>100 mètres de la plage</strong>, permettant de profiter de la mer en quelques minutes.</li>



<li>À <strong>300 mètres du centre-ville</strong>, où vous trouverez des restaurants, des boutiques et toutes les commodités nécessaires.</li>
</ul>



<h3 class="wp-block-heading has-medium-font-size"><strong>Réservez Votre Séjour à l’Appartement Yuka</strong></h3>



<p>Avec son emplacement exceptionnel, ses installations modernes et ses espaces conçus pour le confort, l’<strong>Appartement</strong> <strong>Yuka</strong> est le choix parfait pour vos prochaines vacances à <strong><a href="https://denia.net/fr" data-type="link" data-id="https://denia.net/fr" target="_blank" rel="noopener">Dénia</a></strong>.</p>



<p><strong>Réservez dès maintenant</strong> et vivez des moments inoubliables en famille ou entre amis !</p>
</div>



<p></p>
