{"id":15910,"date":"2024-12-03T18:22:54","date_gmt":"2024-12-03T18:22:54","guid":{"rendered":"https:\/\/familyhomesrentals.com\/properties\/atico-puesta-sol\/"},"modified":"2025-02-12T08:35:42","modified_gmt":"2025-02-12T08:35:42","slug":"atico-puesta-sol-appartement","status":"publish","type":"properties","link":"https:\/\/familyhomesrentals.com\/fr\/properties\/atico-puesta-sol-appartement\/","title":{"rendered":"\u00c1tico Puesta Sol appartement"},"content":{"rendered":"\n<div class=\"wp-block-group is-layout-constrained wp-block-group-is-layout-constrained\">\n<div class=\"wp-block-group is-layout-constrained wp-block-group-is-layout-constrained\">\n<div class=\"wp-block-group is-layout-constrained wp-block-group-is-layout-constrained\">\n<div class=\"wp-block-group is-layout-constrained wp-block-group-is-layout-constrained\">\n<div class=\"wp-block-group is-layout-constrained wp-block-group-is-layout-constrained\">\n<h2 class=\"wp-block-heading has-medium-font-size\"><strong>D\u00e9couvrez le Luxe et le Confort de \u00c1tico Puesta Sol appartement<\/strong><\/h2>\n\n\n\n<p><strong>\u00c1tico Puesta Sol<\/strong> appartement est un attique exclusif situ\u00e9 en plein c\u0153ur de <strong><a href=\"https:\/\/familyhomesrentals.com\/vacaciones-en-denia\/\" data-type=\"link\" data-id=\"https:\/\/familyhomesrentals.com\/vacaciones-en-denia\/\">D\u00e9nia<\/a><\/strong>, sur l\u2019une des rues les plus embl\u00e9matiques de la ville. Alliant <strong>design moderne<\/strong>, <strong>vues spectaculaires<\/strong>, et une <strong>situation centrale<\/strong>, cet h\u00e9bergement est id\u00e9al pour ceux qui recherchent un m\u00e9lange parfait de confort et de luxe.<\/p>\n\n\n\n<h3 class=\"wp-block-heading\"><strong>Un Espace Ext\u00e9rieur Unique<\/strong><\/h3>\n\n\n\n<p>La <strong>grande terrasse priv\u00e9e<\/strong> de l\u2019attique est con\u00e7ue pour maximiser votre d\u00e9tente et vous offrir des moments inoubliables :<\/p>\n\n\n\n<ul class=\"wp-block-list\">\n<li><strong>Espace d\u00e9tente<\/strong> : Canap\u00e9s confortables et transats pour profiter du soleil m\u00e9diterran\u00e9en.<\/li>\n\n\n\n<li><strong>Espace repas ext\u00e9rieur<\/strong> : Parfait pour savourer des repas en plein air avec une vue imprenable sur le <strong>ch\u00e2teau de D\u00e9nia<\/strong>, le <strong>port<\/strong>, et le <strong>Montg\u00f3<\/strong>.<\/li>\n\n\n\n<li><strong>Vues in\u00e9gal\u00e9es<\/strong> : Admirez les plus beaux paysages de <strong>D\u00e9nia<\/strong>, du bleu intense de la mer aux montagnes environnantes.<\/li>\n<\/ul>\n\n\n\n<h3 class=\"wp-block-heading has-medium-font-size\"><strong>Un Int\u00e9rieur \u00c9l\u00e9gant et Fonctionnel<\/strong><\/h3>\n\n\n\n<p>Le design int\u00e9rieur de <strong>\u00c1tico Puesta de Sol<\/strong> appartement combine style et confort :<\/p>\n\n\n\n<ul class=\"wp-block-list\">\n<li><strong>Cuisine ouverte<\/strong> :\n<ul class=\"wp-block-list\">\n<li>Enti\u00e8rement \u00e9quip\u00e9e avec des appareils haut de gamme, tels qu\u2019un <strong>r\u00e9frig\u00e9rateur \u00e0 vin<\/strong>, un <strong>lave-vaisselle<\/strong>, un <strong>four<\/strong>, un <strong>micro-ondes<\/strong>, une <strong>machine \u00e0 caf\u00e9 encastr\u00e9e<\/strong>, et une <strong>plaque \u00e0 induction<\/strong>.<\/li>\n\n\n\n<li>L\u2019\u00eelot central est parfait pour cuisiner tout en partageant des moments conviviaux.<\/li>\n<\/ul>\n<\/li>\n\n\n\n<li><strong>Salon-salle \u00e0 manger lumineux<\/strong> :\n<ul class=\"wp-block-list\">\n<li>De larges portes vitr\u00e9es relient l\u2019int\u00e9rieur \u00e0 la terrasse, inondant l\u2019espace de lumi\u00e8re naturelle.<\/li>\n\n\n\n<li>Stores automatiques et d\u00e9coration contemporaine cr\u00e9ent une ambiance chic et confortable.<\/li>\n<\/ul>\n<\/li>\n<\/ul>\n\n\n\n<h3 class=\"wp-block-heading has-medium-font-size\"><strong>Repos et Intimit\u00e9<\/strong><\/h3>\n\n\n\n<ul class=\"wp-block-list\">\n<li><strong>Trois chambres doubles<\/strong> :\n<ul class=\"wp-block-list\">\n<li>Chaque chambre est d\u00e9cor\u00e9e avec soin, offrant un style unique, de grandes fen\u00eatres pour une vue panoramique et une atmosph\u00e8re lumineuse.<\/li>\n<\/ul>\n<\/li>\n\n\n\n<li><strong>Trois salles de bains modernes<\/strong> :\n<ul class=\"wp-block-list\">\n<li>Deux avec douche et une avec baignoire, toutes \u00e9l\u00e9gamment am\u00e9nag\u00e9es pour r\u00e9pondre \u00e0 vos besoins.<\/li>\n<\/ul>\n<\/li>\n<\/ul>\n\n\n\n<h3 class=\"wp-block-heading has-medium-font-size\">Services Suppl\u00e9mentaires<\/h3>\n\n\n\n<ul class=\"wp-block-list\">\n<li><strong>Climatisation<\/strong> : Disponible dans toutes les pi\u00e8ces pour un confort optimal, quelle que soit la saison.<\/li>\n\n\n\n<li><strong>Wi-Fi haut d\u00e9bit<\/strong> : Parfait pour les s\u00e9jours de loisirs comme pour le t\u00e9l\u00e9travail.<\/li>\n<\/ul>\n\n\n\n<h3 class=\"wp-block-heading has-medium-font-size\"><strong>Emplacement Id\u00e9al<\/strong><\/h3>\n\n\n\n<p>Situ\u00e9 au centre de <strong>D\u00e9nia<\/strong>, cet attique vous permet d\u2019acc\u00e9der \u00e0 pied aux :<\/p>\n\n\n\n<ul class=\"wp-block-list\">\n<li><strong>Meilleurs restaurants<\/strong>, <strong>boutiques<\/strong>, et <strong>attractions<\/strong>.<\/li>\n\n\n\n<li><strong>Plages<\/strong> et <strong>port<\/strong>, \u00e0 seulement quelques minutes de marche.<\/li>\n<\/ul>\n\n\n\n<h3 class=\"wp-block-heading has-medium-font-size\"><strong>R\u00e9servez Votre S\u00e9jour \u00e0 \u00c1tico Puesta Sol appartement<\/strong><\/h3>\n\n\n\n<p>Que ce soit pour des vacances relaxantes ou un s\u00e9jour prolong\u00e9 dans la ville dynamique de <strong><a href=\"https:\/\/denia.net\/fr\" data-type=\"link\" data-id=\"https:\/\/denia.net\/fr\" target=\"_blank\" rel=\"noopener\">D\u00e9nia<\/a><\/strong>, <strong>\u00c1tico Puesta Sol<\/strong> appartement offre une exp\u00e9rience inoubliable.<\/p>\n\n\n\n<p><strong>R\u00e9servez d\u00e8s maintenant<\/strong> et profitez d\u2019un m\u00e9lange parfait de confort, luxe, et vues spectaculaires !<\/p>\n\n\n\n<p><\/p>\n<\/div>\n<\/div>\n<\/div>\n<\/div>\n\n\n\n<p><strong>R\u00e9f\u00e9rence cadastrale: <\/strong>9232205BD4093S0037ZG<\/p>\n\n\n\n<p><strong>Certificat de Performance \u00c9nerg\u00e9tique: <\/strong>Classement G<\/p>\n<\/div>\n","protected":false},"author":5,"featured_media":15902,"menu_order":0,"template":"","zonas-de-denia":[],"instalaciones":[181,179,191,197,200,239,206,251,245],"extras":[257,308,302,293,269,260,275,320,266,263,296,254,305,272,328],"payment":[],"alquiler":[44],"property-type":[82],"class_list":["post-15910","properties","type-properties","status-publish","has-post-thumbnail","hentry","instalaciones-armoires-encastrees","instalaciones-climatisation","instalaciones-congelateur","instalaciones-lave-linge","instalaciones-lave-vaisselle","instalaciones-plaque-de-cuisson-en-ceramique","instalaciones-refrigerateur","instalaciones-television-intelligente","instalaciones-terrasse-non-couverte","extras-bouilloire","extras-chaises-longues","extras-corde-a-linge-portative","extras-fer-a-repasser","extras-four","extras-grille-pain","extras-machine-a-cafe","extras-meubles-dexterieur","extras-micro-ondes","extras-mixeur","extras-planche-a-repasser","extras-presse-agrumes","extras-seche-cheveux","extras-vaisselle-et-couverts-complets","extras-wifi-fr","alquiler-vacacional","property-type-appartement"],"_links":{"self":[{"href":"https:\/\/familyhomesrentals.com\/fr\/wp-json\/wp\/v2\/properties\/15910","targetHints":{"allow":["GET"]}}],"collection":[{"href":"https:\/\/familyhomesrentals.com\/fr\/wp-json\/wp\/v2\/properties"}],"about":[{"href":"https:\/\/familyhomesrentals.com\/fr\/wp-json\/wp\/v2\/types\/properties"}],"author":[{"embeddable":true,"href":"https:\/\/familyhomesrentals.com\/fr\/wp-json\/wp\/v2\/users\/5"}],"wp:featuredmedia":[{"embeddable":true,"href":"https:\/\/familyhomesrentals.com\/fr\/wp-json\/wp\/v2\/media\/15902"}],"wp:attachment":[{"href":"https:\/\/familyhomesrentals.com\/fr\/wp-json\/wp\/v2\/media?parent=15910"}],"wp:term":[{"taxonomy":"zonas-de-denia","embeddable":true,"href":"https:\/\/familyhomesrentals.com\/fr\/wp-json\/wp\/v2\/zonas-de-denia?post=15910"},{"taxonomy":"instalaciones","embeddable":true,"href":"https:\/\/familyhomesrentals.com\/fr\/wp-json\/wp\/v2\/instalaciones?post=15910"},{"taxonomy":"extras","embeddable":true,"href":"https:\/\/familyhomesrentals.com\/fr\/wp-json\/wp\/v2\/extras?post=15910"},{"taxonomy":"payment","embeddable":true,"href":"https:\/\/familyhomesrentals.com\/fr\/wp-json\/wp\/v2\/payment?post=15910"},{"taxonomy":"alquiler","embeddable":true,"href":"https:\/\/familyhomesrentals.com\/fr\/wp-json\/wp\/v2\/alquiler?post=15910"},{"taxonomy":"property-type","embeddable":true,"href":"https:\/\/familyhomesrentals.com\/fr\/wp-json\/wp\/v2\/property-type?post=15910"}],"curies":[{"name":"wp","href":"https:\/\/api.w.org\/{rel}","templated":true}]}}

Ático Puesta Sol appartement

<div class="wp-block-group is-layout-constrained wp-block-group-is-layout-constrained">
<div class="wp-block-group is-layout-constrained wp-block-group-is-layout-constrained">
<div class="wp-block-group is-layout-constrained wp-block-group-is-layout-constrained">
<div class="wp-block-group is-layout-constrained wp-block-group-is-layout-constrained">
<div class="wp-block-group is-layout-constrained wp-block-group-is-layout-constrained">
<h2 class="wp-block-heading has-medium-font-size"><strong>Découvrez le Luxe et le Confort de Ático Puesta Sol appartement</strong></h2>



<p><strong>Ático Puesta Sol</strong> appartement est un attique exclusif situé en plein cœur de <strong><a href="https://familyhomesrentals.com/vacaciones-en-denia/" data-type="link" data-id="https://familyhomesrentals.com/vacaciones-en-denia/">Dénia</a></strong>, sur l’une des rues les plus emblématiques de la ville. Alliant <strong>design moderne</strong>, <strong>vues spectaculaires</strong>, et une <strong>situation centrale</strong>, cet hébergement est idéal pour ceux qui recherchent un mélange parfait de confort et de luxe.</p>



<h3 class="wp-block-heading"><strong>Un Espace Extérieur Unique</strong></h3>



<p>La <strong>grande terrasse privée</strong> de l’attique est conçue pour maximiser votre détente et vous offrir des moments inoubliables :</p>



<ul class="wp-block-list">
<li><strong>Espace détente</strong> : Canapés confortables et transats pour profiter du soleil méditerranéen.</li>



<li><strong>Espace repas extérieur</strong> : Parfait pour savourer des repas en plein air avec une vue imprenable sur le <strong>château de Dénia</strong>, le <strong>port</strong>, et le <strong>Montgó</strong>.</li>



<li><strong>Vues inégalées</strong> : Admirez les plus beaux paysages de <strong>Dénia</strong>, du bleu intense de la mer aux montagnes environnantes.</li>
</ul>



<h3 class="wp-block-heading has-medium-font-size"><strong>Un Intérieur Élégant et Fonctionnel</strong></h3>



<p>Le design intérieur de <strong>Ático Puesta de Sol</strong> appartement combine style et confort :</p>



<ul class="wp-block-list">
<li><strong>Cuisine ouverte</strong> :
<ul class="wp-block-list">
<li>Entièrement équipée avec des appareils haut de gamme, tels qu’un <strong>réfrigérateur à vin</strong>, un <strong>lave-vaisselle</strong>, un <strong>four</strong>, un <strong>micro-ondes</strong>, une <strong>machine à café encastrée</strong>, et une <strong>plaque à induction</strong>.</li>



<li>L’îlot central est parfait pour cuisiner tout en partageant des moments conviviaux.</li>
</ul>
</li>



<li><strong>Salon-salle à manger lumineux</strong> :
<ul class="wp-block-list">
<li>De larges portes vitrées relient l’intérieur à la terrasse, inondant l’espace de lumière naturelle.</li>



<li>Stores automatiques et décoration contemporaine créent une ambiance chic et confortable.</li>
</ul>
</li>
</ul>



<h3 class="wp-block-heading has-medium-font-size"><strong>Repos et Intimité</strong></h3>



<ul class="wp-block-list">
<li><strong>Trois chambres doubles</strong> :
<ul class="wp-block-list">
<li>Chaque chambre est décorée avec soin, offrant un style unique, de grandes fenêtres pour une vue panoramique et une atmosphère lumineuse.</li>
</ul>
</li>



<li><strong>Trois salles de bains modernes</strong> :
<ul class="wp-block-list">
<li>Deux avec douche et une avec baignoire, toutes élégamment aménagées pour répondre à vos besoins.</li>
</ul>
</li>
</ul>



<h3 class="wp-block-heading has-medium-font-size">Services Supplémentaires</h3>



<ul class="wp-block-list">
<li><strong>Climatisation</strong> : Disponible dans toutes les pièces pour un confort optimal, quelle que soit la saison.</li>



<li><strong>Wi-Fi haut débit</strong> : Parfait pour les séjours de loisirs comme pour le télétravail.</li>
</ul>



<h3 class="wp-block-heading has-medium-font-size"><strong>Emplacement Idéal</strong></h3>



<p>Situé au centre de <strong>Dénia</strong>, cet attique vous permet d’accéder à pied aux :</p>



<ul class="wp-block-list">
<li><strong>Meilleurs restaurants</strong>, <strong>boutiques</strong>, et <strong>attractions</strong>.</li>



<li><strong>Plages</strong> et <strong>port</strong>, à seulement quelques minutes de marche.</li>
</ul>



<h3 class="wp-block-heading has-medium-font-size"><strong>Réservez Votre Séjour à Ático Puesta Sol appartement</strong></h3>



<p>Que ce soit pour des vacances relaxantes ou un séjour prolongé dans la ville dynamique de <strong><a href="https://denia.net/fr" data-type="link" data-id="https://denia.net/fr" target="_blank" rel="noopener">Dénia</a></strong>, <strong>Ático Puesta Sol</strong> appartement offre une expérience inoubliable.</p>



<p><strong>Réservez dès maintenant</strong> et profitez d’un mélange parfait de confort, luxe, et vues spectaculaires !</p>



<p></p>
</div>
</div>
</div>
</div>



<p><strong>Référence cadastrale: </strong>9232205BD4093S0037ZG</p>



<p><strong>Certificat de Performance Énergétique: </strong>Classement G</p>
</div>
